CRAN Package Check Results for Package birankr

Last updated on 2025-04-30 04:50:00 CEST.

Flavor Version Tinstall Tcheck Ttotal Status Flags
r-devel-linux-x86_64-debian-clang 1.0.1 6.74 69.60 76.34 OK
r-devel-linux-x86_64-debian-gcc 1.0.1 5.42 49.50 54.92 OK
r-devel-linux-x86_64-fedora-clang 1.0.1 116.92 OK
r-devel-linux-x86_64-fedora-gcc 1.0.1 100.62 OK
r-devel-windows-x86_64 1.0.1 8.00 77.00 85.00 OK
r-patched-linux-x86_64 1.0.1 6.44 60.15 66.59 OK
r-release-linux-x86_64 1.0.1 6.80 59.66 66.46 OK
r-release-macos-arm64 1.0.1 51.00 OK
r-release-macos-x86_64 1.0.1 68.00 OK
r-release-windows-x86_64 1.0.1 8.00 75.00 83.00 OK
r-oldrel-macos-arm64 1.0.1 34.00 NOTE
r-oldrel-macos-x86_64 1.0.1 62.00 NOTE
r-oldrel-windows-x86_64 1.0.1 9.00 89.00 98.00 NOTE

Check Details

Version: 1.0.1
Check: LazyData
Result: NOTE 'LazyData' is specified without a 'data' directory Flavors: r-oldrel-macos-arm64, r-oldrel-macos-x86_64, r-oldrel-windows-x86_64