CRAN Package Check Results for Package birdring

Last updated on 2025-04-30 04:50:00 CEST.

Flavor Version Tinstall Tcheck Ttotal Status Flags
r-devel-linux-x86_64-debian-clang 1.6 32.41 259.79 292.20 NOTE
r-devel-linux-x86_64-debian-gcc 1.6 20.87 165.61 186.48 NOTE
r-devel-linux-x86_64-fedora-clang 1.6 471.98 OK
r-devel-linux-x86_64-fedora-gcc 1.6 441.53 OK
r-devel-windows-x86_64 1.6 28.00 212.00 240.00 OK
r-patched-linux-x86_64 1.6 28.38 244.05 272.43 OK
r-release-linux-x86_64 1.6 32.24 245.61 277.85 OK
r-release-macos-arm64 1.6 104.00 OK
r-release-macos-x86_64 1.6 233.00 OK
r-release-windows-x86_64 1.6 29.00 213.00 242.00 OK
r-oldrel-macos-arm64 1.6 97.00 OK
r-oldrel-macos-x86_64 1.6 161.00 OK
r-oldrel-windows-x86_64 1.6 38.00 281.00 319.00 OK

Check Details

Version: 1.6
Check: CRAN incoming feasibility
Result: NOTE Maintainer: ‘Fraenzi Korner-Nievergelt <fraenzi.korner@vogelwarte.ch>’ No Authors@R field in DESCRIPTION. Please add one, modifying Authors@R: c(person(given = "Fraenzi", family = "Korner-Nievergelt", role = c("aut", "cre"), email = "fraenzi.korner@vogelwarte.ch"), person(given = "Rob", family = "Robinson", role = "aut")) as necessary. Flavors: r-devel-linux-x86_64-debian-clang, r-devel-linux-x86_64-debian-gcc