Last updated on 2025-04-30 04:50:00 CEST.
Flavor | Version | Tinstall | Tcheck | Ttotal | Status | Flags |
---|---|---|---|---|---|---|
r-devel-linux-x86_64-debian-clang | 1.0 | 9.34 | 83.14 | 92.48 | NOTE | |
r-devel-linux-x86_64-debian-gcc | 1.0 | 7.20 | 59.58 | 66.78 | NOTE | |
r-devel-linux-x86_64-fedora-clang | 1.0 | 143.61 | OK | |||
r-devel-linux-x86_64-fedora-gcc | 1.0 | 135.64 | OK | |||
r-devel-windows-x86_64 | 1.0 | 10.00 | 96.00 | 106.00 | OK | |
r-patched-linux-x86_64 | 1.0 | 8.45 | 78.87 | 87.32 | OK | |
r-release-linux-x86_64 | 1.0 | 8.59 | 79.16 | 87.75 | OK | |
r-release-macos-arm64 | 1.0 | 60.00 | OK | |||
r-release-macos-x86_64 | 1.0 | 80.00 | OK | |||
r-release-windows-x86_64 | 1.0 | 9.00 | 89.00 | 98.00 | OK | |
r-oldrel-macos-arm64 | 1.0 | 43.00 | OK | |||
r-oldrel-macos-x86_64 | 1.0 | 61.00 | OK | |||
r-oldrel-windows-x86_64 | 1.0 | 12.00 | 108.00 | 120.00 | OK |
Version: 1.0
Check: CRAN incoming feasibility
Result: NOTE
Maintainer: ‘Alessandro Barbiero <alessandro.barbiero@unimi.it>’
No Authors@R field in DESCRIPTION.
Please add one, modifying
Authors@R: person(given = "Alessandro",
family = "Barbiero",
role = c("aut", "cre"),
email = "alessandro.barbiero@unimi.it")
as necessary.
Flavors: r-devel-linux-x86_64-debian-clang, r-devel-linux-x86_64-debian-gcc
Version: 1.0
Check: examples
Result: NOTE
Examples with CPU (user + system) or elapsed time > 5s
user system elapsed
bivgeom-package 5.153 0.007 5.74
Flavor: r-devel-linux-x86_64-debian-clang