Last updated on 2025-04-30 04:50:00 CEST.
Flavor | Version | Tinstall | Tcheck | Ttotal | Status | Flags |
---|---|---|---|---|---|---|
r-devel-linux-x86_64-debian-clang | 1.3.3 | 31.65 | 149.48 | 181.13 | NOTE | |
r-devel-linux-x86_64-debian-gcc | 1.3.3 | 22.36 | 100.86 | 123.22 | NOTE | |
r-devel-linux-x86_64-fedora-clang | 1.3.3 | 295.20 | OK | |||
r-devel-linux-x86_64-fedora-gcc | 1.3.3 | 278.45 | OK | |||
r-devel-windows-x86_64 | 1.3.3 | 31.00 | 163.00 | 194.00 | NOTE | |
r-patched-linux-x86_64 | 1.3.3 | 28.31 | 141.51 | 169.82 | NOTE | |
r-release-linux-x86_64 | 1.3.3 | 33.09 | 140.33 | 173.42 | NOTE | |
r-release-macos-arm64 | 1.3.3 | 78.00 | OK | |||
r-release-macos-x86_64 | 1.3.3 | 187.00 | OK | |||
r-release-windows-x86_64 | 1.3.3 | 31.00 | 159.00 | 190.00 | NOTE | |
r-oldrel-macos-arm64 | 1.3.3 | 78.00 | OK | |||
r-oldrel-macos-x86_64 | 1.3.3 | 162.00 | OK | |||
r-oldrel-windows-x86_64 | 1.3.3 | 43.00 | 208.00 | 251.00 | OK |
Version: 1.3.3
Check: Rd cross-references
Result: NOTE
Found the following Rd file(s) with Rd \link{} targets missing package
anchors:
bizicount.Rd: DHARMa
zic.reg.Rd: DHARMa
Please provide package anchors for all Rd \link{} targets not in the
package itself and the base packages.
Flavors: r-devel-linux-x86_64-debian-clang, r-devel-linux-x86_64-debian-gcc, r-devel-windows-x86_64, r-patched-linux-x86_64, r-release-linux-x86_64, r-release-windows-x86_64
Version: 1.3.3
Check: examples
Result: NOTE
Examples with CPU (user + system) or elapsed time > 5s
user system elapsed
extract.bizicount 7.803 0.140 11.536
simulate.zicreg 6.078 0.040 7.180
simulate.bizicount 5.975 0.095 7.595
make_DHARMa 5.129 0.027 6.831
bizicount 4.457 0.141 5.845
Flavor: r-devel-linux-x86_64-debian-clang
Version: 1.3.3
Check: examples
Result: NOTE
Examples with CPU (user + system) or elapsed time > 5s
user system elapsed
extract.bizicount 4.851 0.543 7.166
Flavor: r-devel-linux-x86_64-debian-gcc