Last updated on 2025-02-21 03:52:08 CET.
Flavor | Version | Tinstall | Tcheck | Ttotal | Status | Flags |
---|---|---|---|---|---|---|
r-devel-linux-x86_64-debian-clang | 0.6.1 | 12.93 | 127.00 | 139.93 | NOTE | |
r-devel-linux-x86_64-debian-gcc | 0.6.1 | 8.56 | 86.18 | 94.74 | NOTE | |
r-devel-linux-x86_64-fedora-clang | 0.6.1 | 220.06 | OK | |||
r-devel-linux-x86_64-fedora-gcc | 0.6.1 | 234.39 | OK | |||
r-devel-macos-arm64 | 0.6.1 | 69.00 | OK | |||
r-devel-macos-x86_64 | 0.6.1 | 142.00 | OK | |||
r-devel-windows-x86_64 | 0.6.1 | 15.00 | 127.00 | 142.00 | NOTE | |
r-patched-linux-x86_64 | 0.6.1 | 12.41 | 120.19 | 132.60 | OK | |
r-release-linux-x86_64 | 0.6.1 | 12.95 | 117.31 | 130.26 | OK | |
r-release-macos-arm64 | 0.6.1 | 66.00 | OK | |||
r-release-macos-x86_64 | 0.6.1 | 117.00 | OK | |||
r-release-windows-x86_64 | 0.6.1 | 14.00 | 124.00 | 138.00 | OK | |
r-oldrel-macos-arm64 | 0.6.1 | 62.00 | OK | |||
r-oldrel-macos-x86_64 | 0.6.1 | 112.00 | OK | |||
r-oldrel-windows-x86_64 | 0.6.1 | 17.00 | 153.00 | 170.00 | OK |
Version: 0.6.1
Check: Rd cross-references
Result: NOTE
Found the following Rd file(s) with Rd \link{} targets missing package
anchors:
coxlps.Rd: Surv, coxph
curelps.Rd: Surv
Please provide package anchors for all Rd \link{} targets not in the
package itself and the base packages.
Flavors: r-devel-linux-x86_64-debian-clang, r-devel-linux-x86_64-debian-gcc, r-devel-windows-x86_64