CRAN Package Check Results for Package blavaan

Last updated on 2025-04-30 04:50:00 CEST.

Flavor Version Tinstall Tcheck Ttotal Status Flags
r-devel-linux-x86_64-debian-clang 0.5-8 687.03 219.86 906.89 NOTE
r-devel-linux-x86_64-debian-gcc 0.5-8 523.71 163.42 687.13 OK
r-devel-linux-x86_64-fedora-clang 0.5-8 1204.66 OK
r-devel-linux-x86_64-fedora-gcc 0.5-8 1488.14 OK
r-devel-windows-x86_64 0.5-8 530.00 240.00 770.00 OK
r-patched-linux-x86_64 0.5-8 676.74 229.58 906.32 OK
r-release-linux-x86_64 0.5-8 670.38 230.83 901.21 OK
r-release-macos-arm64 0.5-8 337.00 OK
r-release-macos-x86_64 0.5-8 908.00 OK
r-release-windows-x86_64 0.5-8 503.00 236.00 739.00 OK
r-oldrel-macos-arm64 0.5-8 174.00 NOTE
r-oldrel-macos-x86_64 0.5-8 307.00 NOTE
r-oldrel-windows-x86_64 0.5-8 663.00 318.00 981.00 NOTE

Check Details

Version: 0.5-8
Check: examples
Result: NOTE Examples with CPU (user + system) or elapsed time > 5s user system elapsed bsem 5.182 0.074 6.014 bcfa 4.373 0.130 6.163 Flavor: r-devel-linux-x86_64-debian-clang

Version: 0.5-8
Check: package dependencies
Result: NOTE Packages suggested but not available for checking: 'cmdstanr', 'blavsam' Flavors: r-oldrel-macos-arm64, r-oldrel-macos-x86_64, r-oldrel-windows-x86_64

Version: 0.5-8
Check: installed package size
Result: NOTE installed size is 159.1Mb sub-directories of 1Mb or more: R 2.1Mb libs 155.3Mb testdata 1.4Mb Flavors: r-oldrel-macos-arm64, r-oldrel-macos-x86_64, r-oldrel-windows-x86_64

Version: 0.5-8
Check: for GNU extensions in Makefiles
Result: NOTE GNU make is a SystemRequirements. Flavors: r-oldrel-macos-arm64, r-oldrel-macos-x86_64, r-oldrel-windows-x86_64