CRAN Package Check Results for Package blockmodels

Last updated on 2025-04-30 04:50:00 CEST.

Flavor Version Tinstall Tcheck Ttotal Status Flags
r-devel-linux-x86_64-debian-clang 1.1.5 69.83 50.87 120.70 NOTE
r-devel-linux-x86_64-debian-gcc 1.1.5 47.69 36.93 84.62 NOTE
r-devel-linux-x86_64-fedora-clang 1.1.5 206.61 OK
r-devel-linux-x86_64-fedora-gcc 1.1.5 210.74 OK
r-devel-windows-x86_64 1.1.5 75.00 91.00 166.00 OK
r-patched-linux-x86_64 1.1.5 68.01 48.95 116.96 OK
r-release-linux-x86_64 1.1.5 68.24 48.89 117.13 OK
r-release-macos-arm64 1.1.5 65.00 OK
r-release-macos-x86_64 1.1.5 129.00 OK
r-release-windows-x86_64 1.1.5 76.00 90.00 166.00 OK
r-oldrel-macos-arm64 1.1.5 52.00 NOTE
r-oldrel-macos-x86_64 1.1.5 84.00 NOTE
r-oldrel-windows-x86_64 1.1.5 86.00 108.00 194.00 OK

Check Details

Version: 1.1.5
Check: CRAN incoming feasibility
Result: NOTE Maintainer: ‘Jean-Benoist Leger <jbleger@hds.utc.fr>’ No Authors@R field in DESCRIPTION. Please add one, modifying Authors@R: c(person(given = "Jean-Benoist", family = "Leger", role = c("aut", "cre"), email = "jbleger@hds.utc.fr"), person(given = "Pierre", family = "Barbillon", role = "aut", email = "pierre.barbillon@agroparistech.fr"), person(given = "Julien", family = "Chiquet", role = "aut", email = "julien.chiquet@inrae.fr")) as necessary. Flavors: r-devel-linux-x86_64-debian-clang, r-devel-linux-x86_64-debian-gcc

Version: 1.1.5
Check: installed package size
Result: NOTE installed size is 13.6Mb sub-directories of 1Mb or more: libs 13.1Mb Flavors: r-oldrel-macos-arm64, r-oldrel-macos-x86_64