Last updated on 2025-04-30 04:50:00 CEST.
Flavor | Version | Tinstall | Tcheck | Ttotal | Status | Flags |
---|---|---|---|---|---|---|
r-devel-linux-x86_64-debian-clang | 1.0.3 | 2.87 | 30.47 | 33.34 | NOTE | |
r-devel-linux-x86_64-debian-gcc | 1.0.3 | 1.93 | 23.44 | 25.37 | NOTE | |
r-devel-linux-x86_64-fedora-clang | 1.0.3 | 55.83 | OK | |||
r-devel-linux-x86_64-fedora-gcc | 1.0.3 | 64.87 | OK | |||
r-devel-windows-x86_64 | 1.0.3 | 3.00 | 53.00 | 56.00 | OK | |
r-patched-linux-x86_64 | 1.0.3 | 3.15 | 29.03 | 32.18 | OK | |
r-release-linux-x86_64 | 1.0.3 | 2.50 | 29.16 | 31.66 | OK | |
r-release-macos-arm64 | 1.0.3 | 27.00 | OK | |||
r-release-macos-x86_64 | 1.0.3 | 52.00 | OK | |||
r-release-windows-x86_64 | 1.0.3 | 6.00 | 54.00 | 60.00 | OK | |
r-oldrel-macos-arm64 | 1.0.3 | 33.00 | OK | |||
r-oldrel-macos-x86_64 | 1.0.3 | 41.00 | OK | |||
r-oldrel-windows-x86_64 | 1.0.3 | 4.00 | 56.00 | 60.00 | OK |
Version: 1.0.3
Check: CRAN incoming feasibility
Result: NOTE
Maintainer: ‘Michael Turchin <mturchin20@uchicago.edu>’
Package CITATION file contains call(s) to old-style citEntry(). Please
use bibentry() instead.
Found the following URLs which should use \doi (with the DOI name only):
File ‘GetModelPriorMatrix.Rd’:
https://doi.org/10.1371/journal.pone.0065245
File ‘GlobalLipids2013.GWASsnps.Rd’:
https://doi.org/10.1038/ng.2797
Flavors: r-devel-linux-x86_64-debian-clang, r-devel-linux-x86_64-debian-gcc