Last updated on 2025-04-30 04:50:00 CEST.
Flavor | Version | Tinstall | Tcheck | Ttotal | Status | Flags |
---|---|---|---|---|---|---|
r-devel-linux-x86_64-debian-clang | 2.0.0 | 1207.47 | 173.03 | 1380.50 | NOTE | |
r-devel-linux-x86_64-debian-gcc | 2.0.0 | 1019.49 | 192.51 | 1212.00 | NOTE | |
r-devel-linux-x86_64-fedora-clang | 2.0.0 | 1938.36 | NOTE | |||
r-devel-linux-x86_64-fedora-gcc | 2.0.0 | 2828.37 | NOTE | |||
r-devel-windows-x86_64 | 2.0.0 | 1164.00 | 294.00 | 1458.00 | NOTE | |
r-patched-linux-x86_64 | 2.0.0 | 1361.38 | 264.42 | 1625.80 | NOTE | |
r-release-linux-x86_64 | 2.0.0 | 1388.63 | 267.97 | 1656.60 | NOTE | |
r-release-macos-arm64 | 2.0.0 | 565.00 | NOTE | |||
r-release-macos-x86_64 | 2.0.0 | 625.00 | NOTE | |||
r-release-windows-x86_64 | 2.0.0 | 1166.00 | 290.00 | 1456.00 | NOTE | |
r-oldrel-macos-arm64 | 2.0.0 | 283.00 | NOTE | |||
r-oldrel-macos-x86_64 | 2.0.0 | 254.00 | NOTE | |||
r-oldrel-windows-x86_64 | 2.0.0 | 1336.00 | 349.00 | 1685.00 | NOTE |
Version: 2.0.0
Check: Rd files
Result: NOTE
checkRd: (-1) dot-pred_array_to_df.Rd:20: Lost braces; missing escapes or markup?
20 | Helper function for as.data.frame.{fitted, forecast}. Converts predictive array to data.frame.
| ^
Flavors: r-devel-linux-x86_64-debian-clang, r-devel-linux-x86_64-debian-gcc, r-devel-linux-x86_64-fedora-clang, r-devel-linux-x86_64-fedora-gcc, r-devel-windows-x86_64, r-patched-linux-x86_64, r-release-linux-x86_64, r-release-macos-arm64, r-release-macos-x86_64, r-release-windows-x86_64, r-oldrel-macos-arm64, r-oldrel-macos-x86_64, r-oldrel-windows-x86_64
Version: 2.0.0
Check: installed package size
Result: NOTE
installed size is 189.6Mb
sub-directories of 1Mb or more:
libs 188.8Mb
Flavors: r-oldrel-macos-arm64, r-oldrel-macos-x86_64, r-oldrel-windows-x86_64
Version: 2.0.0
Check: for GNU extensions in Makefiles
Result: NOTE
GNU make is a SystemRequirements.
Flavors: r-oldrel-macos-arm64, r-oldrel-macos-x86_64, r-oldrel-windows-x86_64