Last updated on 2025-04-30 04:50:00 CEST.
Flavor | Version | Tinstall | Tcheck | Ttotal | Status | Flags |
---|---|---|---|---|---|---|
r-devel-linux-x86_64-debian-clang | 1.7 | 8.10 | 28.91 | 37.01 | NOTE | |
r-devel-linux-x86_64-debian-gcc | 1.7 | 6.06 | 22.85 | 28.91 | NOTE | |
r-devel-linux-x86_64-fedora-clang | 1.7 | 67.19 | OK | |||
r-devel-linux-x86_64-fedora-gcc | 1.7 | 57.17 | OK | |||
r-devel-windows-x86_64 | 1.7 | 16.00 | 61.00 | 77.00 | OK | |
r-patched-linux-x86_64 | 1.7 | 8.26 | 26.40 | 34.66 | OK | |
r-release-linux-x86_64 | 1.7 | 8.61 | 26.74 | 35.35 | OK | |
r-release-macos-arm64 | 1.7 | 26.00 | OK | |||
r-release-macos-x86_64 | 1.7 | 34.00 | OK | |||
r-release-windows-x86_64 | 1.7 | 15.00 | 59.00 | 74.00 | OK | |
r-oldrel-macos-arm64 | 1.7 | 21.00 | OK | |||
r-oldrel-macos-x86_64 | 1.7 | 30.00 | OK | |||
r-oldrel-windows-x86_64 | 1.7 | 15.00 | 68.00 | 83.00 | OK |
Version: 1.7
Check: CRAN incoming feasibility
Result: NOTE
Maintainer: ‘Reza Mohammadi <a.mohammadi@uva.nl>’
Package CITATION file contains call(s) to old-style personList() or
as.personList(). Please use c() on person objects instead.
Package CITATION file contains call(s) to old-style citEntry(). Please
use bibentry() instead.
Flavors: r-devel-linux-x86_64-debian-clang, r-devel-linux-x86_64-debian-gcc