Last updated on 2025-04-30 04:50:00 CEST.
Flavor | Version | Tinstall | Tcheck | Ttotal | Status | Flags |
---|---|---|---|---|---|---|
r-devel-linux-x86_64-debian-clang | 1.3.15 | 267.01 | 124.02 | 391.03 | OK | |
r-devel-linux-x86_64-debian-gcc | 1.3.15 | 237.50 | 107.68 | 345.18 | OK | |
r-devel-linux-x86_64-fedora-clang | 1.3.15 | 569.98 | NOTE | |||
r-devel-linux-x86_64-fedora-gcc | 1.3.15 | 753.21 | NOTE | |||
r-devel-windows-x86_64 | 1.3.15 | 286.00 | 156.00 | 442.00 | OK | |
r-patched-linux-x86_64 | 1.3.15 | 323.16 | 143.52 | 466.68 | OK | |
r-release-linux-x86_64 | 1.3.15 | 299.25 | 142.29 | 441.54 | OK | |
r-release-macos-arm64 | 1.3.15 | 160.00 | OK | |||
r-release-macos-x86_64 | 1.3.15 | 300.00 | OK | |||
r-release-windows-x86_64 | 1.3.15 | 279.00 | 154.00 | 433.00 | OK | |
r-oldrel-macos-arm64 | 1.3.15 | 90.00 | NOTE | |||
r-oldrel-macos-x86_64 | 1.3.15 | 116.00 | NOTE | |||
r-oldrel-windows-x86_64 | 1.3.15 | 304.00 | 201.00 | 505.00 | OK |
Version: 1.3.15
Check: dependencies in R code
Result: NOTE
Namespaces in Imports field not imported from:
‘RcppParallel’ ‘rstantools’
All declared Imports should be used.
Flavors: r-devel-linux-x86_64-fedora-clang, r-devel-linux-x86_64-fedora-gcc
Version: 1.3.15
Check: installed package size
Result: NOTE
installed size is 65.1Mb
sub-directories of 1Mb or more:
libs 64.7Mb
Flavors: r-oldrel-macos-arm64, r-oldrel-macos-x86_64
Version: 1.3.15
Check: for GNU extensions in Makefiles
Result: NOTE
GNU make is a SystemRequirements.
Flavors: r-oldrel-macos-arm64, r-oldrel-macos-x86_64