CRAN Package Check Results for Package bmm

Last updated on 2025-04-30 04:50:00 CEST.

Flavor Version Tinstall Tcheck Ttotal Status Flags
r-devel-linux-x86_64-debian-clang 1.0.1 16.82 172.72 189.54 NOTE
r-devel-linux-x86_64-debian-gcc 1.0.1 11.42 118.43 129.85 NOTE
r-devel-linux-x86_64-fedora-clang 1.0.1 309.22 OK
r-devel-linux-x86_64-fedora-gcc 1.0.1 288.83 OK
r-devel-windows-x86_64 1.0.1 17.00 178.00 195.00 NOTE
r-patched-linux-x86_64 1.0.1 17.75 164.64 182.39 NOTE
r-release-linux-x86_64 1.0.1 14.57 163.70 178.27 NOTE
r-release-macos-arm64 1.0.1 76.00 OK
r-release-macos-x86_64 1.0.1 217.00 OK
r-release-windows-x86_64 1.0.1 17.00 177.00 194.00 NOTE
r-oldrel-macos-arm64 1.0.1 93.00 NOTE
r-oldrel-macos-x86_64 1.0.1 186.00 NOTE
r-oldrel-windows-x86_64 1.0.1 22.00 230.00 252.00 NOTE

Check Details

Version: 1.0.1
Check: Rd cross-references
Result: NOTE Found the following Rd file(s) with Rd \link{} targets missing package anchors: summary.bmmfit.Rd: summary.brmsfit Please provide package anchors for all Rd \link{} targets not in the package itself and the base packages. Flavors: r-devel-linux-x86_64-debian-clang, r-devel-linux-x86_64-debian-gcc, r-devel-windows-x86_64, r-patched-linux-x86_64, r-release-linux-x86_64, r-release-windows-x86_64

Version: 1.0.1
Check: examples
Result: NOTE Examples with CPU (user + system) or elapsed time > 5s user system elapsed SDMdist 5.386 0.046 7.049 Flavor: r-devel-linux-x86_64-debian-clang

Version: 1.0.1
Check: package dependencies
Result: NOTE Package suggested but not available for checking: ‘cmdstanr’ Flavors: r-oldrel-macos-arm64, r-oldrel-macos-x86_64, r-oldrel-windows-x86_64