Last updated on 2025-04-30 04:50:00 CEST.
Flavor | Version | Tinstall | Tcheck | Ttotal | Status | Flags |
---|---|---|---|---|---|---|
r-devel-linux-x86_64-debian-clang | 0.3 | 1.57 | 20.28 | 21.85 | NOTE | |
r-devel-linux-x86_64-debian-gcc | 0.3 | 1.39 | 16.81 | 18.20 | NOTE | |
r-devel-linux-x86_64-fedora-clang | 0.3 | 32.44 | OK | |||
r-devel-linux-x86_64-fedora-gcc | 0.3 | 31.02 | OK | |||
r-devel-windows-x86_64 | 0.3 | 3.00 | 45.00 | 48.00 | OK | |
r-patched-linux-x86_64 | 0.3 | 1.63 | 18.72 | 20.35 | OK | |
r-release-linux-x86_64 | 0.3 | 1.71 | 18.64 | 20.35 | OK | |
r-release-macos-arm64 | 0.3 | 16.00 | OK | |||
r-release-macos-x86_64 | 0.3 | 26.00 | OK | |||
r-release-windows-x86_64 | 0.3 | 4.00 | 46.00 | 50.00 | OK | |
r-oldrel-macos-arm64 | 0.3 | 22.00 | OK | |||
r-oldrel-macos-x86_64 | 0.3 | 21.00 | OK | |||
r-oldrel-windows-x86_64 | 0.3 | 3.00 | 45.00 | 48.00 | OK |
Version: 0.3
Check: CRAN incoming feasibility
Result: NOTE
Maintainer: ‘Gregory Jefferis <jefferis@gmail.com>’
No Authors@R field in DESCRIPTION.
Please add one, modifying
Authors@R: person(given = "Gregory",
family = "Jefferis",
role = c("aut", "cre"),
email = "jefferis@gmail.com")
as necessary.
Flavors: r-devel-linux-x86_64-debian-clang, r-devel-linux-x86_64-debian-gcc