Last updated on 2025-02-21 03:52:08 CET.
Flavor | Version | Tinstall | Tcheck | Ttotal | Status | Flags |
---|---|---|---|---|---|---|
r-devel-linux-x86_64-debian-clang | 1.2.1.0 | 23.37 | 116.97 | 140.34 | NOTE | |
r-devel-linux-x86_64-debian-gcc | 1.2.1.0 | 16.90 | 85.92 | 102.82 | NOTE | |
r-devel-linux-x86_64-fedora-clang | 1.2.1.0 | 210.55 | NOTE | |||
r-devel-linux-x86_64-fedora-gcc | 1.2.1.0 | 223.49 | NOTE | |||
r-devel-macos-arm64 | 1.2.1.0 | 74.00 | NOTE | |||
r-devel-macos-x86_64 | 1.2.1.0 | 170.00 | NOTE | |||
r-devel-windows-x86_64 | 1.2.1.0 | 16.00 | 108.00 | 124.00 | NOTE | |
r-patched-linux-x86_64 | 1.2.1.0 | 25.08 | 111.86 | 136.94 | NOTE | |
r-release-linux-x86_64 | 1.2.1.0 | 21.42 | 110.31 | 131.73 | NOTE | |
r-release-macos-arm64 | 1.2.1.0 | 66.00 | NOTE | |||
r-release-macos-x86_64 | 1.2.1.0 | 96.00 | NOTE | |||
r-release-windows-x86_64 | 1.2.1.0 | 18.00 | 108.00 | 126.00 | NOTE | |
r-oldrel-macos-arm64 | 1.2.1.0 | 51.00 | OK | |||
r-oldrel-macos-x86_64 | 1.2.1.0 | 85.00 | OK | |||
r-oldrel-windows-x86_64 | 1.2.1.0 | 21.00 | 147.00 | 168.00 | OK |
Version: 1.2.1.0
Check: Rd files
Result: NOTE
checkRd: (-1) BMSC_pareto_k_table.Rd:54-56: Lost braces in \itemize; \value handles \item{}{} directly
checkRd: (-1) BMSC_pareto_k_table.Rd:57-59: Lost braces in \itemize; \value handles \item{}{} directly
checkRd: (-1) BMSC_pareto_k_table.Rd:60-63: Lost braces in \itemize; \value handles \item{}{} directly
checkRd: (-1) BMSC_pareto_k_table.Rd:64-66: Lost braces in \itemize; \value handles \item{}{} directly
checkRd: (-1) BMSC_pareto_k_table.Rd:67-71: Lost braces in \itemize; \value handles \item{}{} directly
checkRd: (-1) BMSC_pareto_k_table.Rd:72-74: Lost braces in \itemize; \value handles \item{}{} directly
Flavors: r-devel-linux-x86_64-debian-clang, r-devel-linux-x86_64-debian-gcc, r-devel-linux-x86_64-fedora-clang, r-devel-linux-x86_64-fedora-gcc, r-devel-macos-arm64, r-devel-macos-x86_64, r-devel-windows-x86_64, r-patched-linux-x86_64, r-release-linux-x86_64, r-release-macos-arm64, r-release-macos-x86_64, r-release-windows-x86_64