Last updated on 2025-04-30 04:50:00 CEST.
Flavor | Version | Tinstall | Tcheck | Ttotal | Status | Flags |
---|---|---|---|---|---|---|
r-devel-linux-x86_64-debian-clang | 0.8.2 | 519.23 | 534.82 | 1054.05 | NOTE | |
r-devel-linux-x86_64-debian-gcc | 0.8.2 | 366.31 | 382.21 | 748.52 | NOTE | |
r-devel-linux-x86_64-fedora-clang | 0.8.2 | 1646.41 | OK | |||
r-devel-linux-x86_64-fedora-gcc | 0.8.2 | 2004.00 | OK | |||
r-devel-windows-x86_64 | 0.8.2 | 494.00 | 508.00 | 1002.00 | OK | |
r-patched-linux-x86_64 | 0.8.2 | 412.38 | 560.23 | 972.61 | OK | |
r-release-linux-x86_64 | 0.8.2 | 549.17 | 558.89 | 1108.06 | OK | |
r-release-macos-arm64 | 0.8.2 | 395.00 | OK | |||
r-release-macos-x86_64 | 0.8.2 | 348.00 | OK | |||
r-release-windows-x86_64 | 0.8.2 | 520.00 | 493.00 | 1013.00 | OK | |
r-oldrel-macos-arm64 | 0.8.2 | 271.00 | NOTE | |||
r-oldrel-macos-x86_64 | 0.8.2 | 385.00 | NOTE | |||
r-oldrel-windows-x86_64 | 0.8.2 | 468.00 | 685.00 | 1153.00 | NOTE |
Version: 0.8.2
Check: examples
Result: NOTE
Examples with CPU (user + system) or elapsed time > 5s
user system elapsed
Bmchoice 5.168 0.098 6.545
calculate_validation_statistics 4.547 0.038 5.478
Bsptime 4.217 0.020 5.429
Flavor: r-devel-linux-x86_64-debian-clang
Version: 0.8.2
Check: examples
Result: NOTE
Examples with CPU (user + system) or elapsed time > 5s
user system elapsed
calculate_validation_statistics 4.197 0.008 5.234
Flavor: r-devel-linux-x86_64-debian-gcc
Version: 0.8.2
Check: package dependencies
Result: NOTE
Package suggested but not available for checking: ‘INLA’
Flavors: r-oldrel-macos-arm64, r-oldrel-macos-x86_64
Version: 0.8.2
Check: installed package size
Result: NOTE
installed size is 106.2Mb
sub-directories of 1Mb or more:
libs 102.8Mb
Flavors: r-oldrel-macos-arm64, r-oldrel-macos-x86_64, r-oldrel-windows-x86_64
Version: 0.8.2
Check: for GNU extensions in Makefiles
Result: NOTE
GNU make is a SystemRequirements.
Flavors: r-oldrel-macos-arm64, r-oldrel-macos-x86_64, r-oldrel-windows-x86_64