Last updated on 2025-02-21 03:52:08 CET.
Flavor | Version | Tinstall | Tcheck | Ttotal | Status | Flags |
---|---|---|---|---|---|---|
r-devel-linux-x86_64-debian-clang | 0.4.8 | 57.79 | 96.55 | 154.34 | OK | |
r-devel-linux-x86_64-debian-gcc | 0.4.8 | 43.99 | 73.36 | 117.35 | OK | |
r-devel-linux-x86_64-fedora-clang | 0.4.8 | 280.98 | OK | |||
r-devel-linux-x86_64-fedora-gcc | 0.4.8 | 299.76 | OK | |||
r-devel-macos-arm64 | 0.4.8 | 78.00 | OK | |||
r-devel-macos-x86_64 | 0.4.8 | 111.00 | OK | |||
r-devel-windows-x86_64 | 0.4.8 | 62.00 | 181.00 | 243.00 | OK | |
r-patched-linux-x86_64 | 0.4.8 | 63.85 | 93.91 | 157.76 | OK | |
r-release-linux-x86_64 | 0.4.8 | 60.53 | 92.27 | 152.80 | OK | |
r-release-macos-arm64 | 0.4.8 | 80.00 | NOTE | |||
r-release-macos-x86_64 | 0.4.8 | 110.00 | NOTE | |||
r-release-windows-x86_64 | 0.4.8 | 61.00 | 179.00 | 240.00 | OK | |
r-oldrel-macos-arm64 | 0.4.8 | 89.00 | NOTE | |||
r-oldrel-macos-x86_64 | 0.4.8 | 181.00 | NOTE | |||
r-oldrel-windows-x86_64 | 0.4.8 | 64.00 | 198.00 | 262.00 | OK |
Version: 0.4.8
Check: installed package size
Result: NOTE
installed size is 6.8Mb
sub-directories of 1Mb or more:
libs 6.0Mb
Flavors: r-release-macos-arm64, r-release-macos-x86_64, r-oldrel-macos-arm64, r-oldrel-macos-x86_64