Last updated on 2025-04-30 04:50:00 CEST.
Flavor | Version | Tinstall | Tcheck | Ttotal | Status | Flags |
---|---|---|---|---|---|---|
r-devel-linux-x86_64-debian-clang | 1.0.4 | 2.31 | 26.53 | 28.84 | NOTE | |
r-devel-linux-x86_64-debian-gcc | 1.0.4 | 1.51 | 21.06 | 22.57 | NOTE | |
r-devel-linux-x86_64-fedora-clang | 1.0.4 | 45.23 | OK | |||
r-devel-linux-x86_64-fedora-gcc | 1.0.4 | 41.95 | OK | |||
r-devel-windows-x86_64 | 1.0.4 | 3.00 | 117.00 | 120.00 | ERROR | |
r-patched-linux-x86_64 | 1.0.4 | 2.28 | 25.13 | 27.41 | OK | |
r-release-linux-x86_64 | 1.0.4 | 2.18 | 25.18 | 27.36 | OK | |
r-release-macos-arm64 | 1.0.4 | 33.00 | OK | |||
r-release-macos-x86_64 | 1.0.4 | 48.00 | OK | |||
r-release-windows-x86_64 | 1.0.4 | 5.00 | 62.00 | 67.00 | OK | |
r-oldrel-macos-arm64 | 1.0.4 | 39.00 | OK | |||
r-oldrel-macos-x86_64 | 1.0.4 | 52.00 | OK | |||
r-oldrel-windows-x86_64 | 1.0.4 | 4.00 | 64.00 | 68.00 | OK |
Version: 1.0.4
Check: examples
Result: NOTE
Examples with CPU (user + system) or elapsed time > 5s
user system elapsed
query_bndespar_desimbursements 1.967 0.147 6.151
Flavor: r-devel-linux-x86_64-debian-clang
Version: 1.0.4
Check: examples
Result: NOTE
Examples with CPU (user + system) or elapsed time > 5s
user system elapsed
query_bndespar_desimbursements 1.282 0.062 6.284
Flavor: r-devel-linux-x86_64-debian-gcc
Version: 1.0.4
Check: examples
Result: ERROR
Running examples in 'bndesr-Ex.R' failed
The error most likely occurred in:
> ### Name: query_bndespar_desimbursements
> ### Title: Queries BNDESPar desimbursements data
> ### Aliases: query_bndespar_desimbursements
>
> ### ** Examples
>
> df <- query_bndespar_desimbursements()
Please wait for the download to complete.
ℹ Using "','" as decimal and "'.'" as grouping mark. Use `read_delim()` for more control.
`curl` package not installed, falling back to using `url()`
Error downloading file. Try again later.cannot read from connection
Error in value[[3L]](cond) : Error downloading file.
Calls: query_bndespar_desimbursements
Execution halted
Flavor: r-devel-windows-x86_64