Last updated on 2025-04-30 04:50:00 CEST.
Flavor | Version | Tinstall | Tcheck | Ttotal | Status | Flags |
---|---|---|---|---|---|---|
r-devel-linux-x86_64-debian-clang | 1.6.0 | 10.24 | 336.93 | 347.17 | NOTE | |
r-devel-linux-x86_64-debian-gcc | 1.6.0 | 6.43 | 234.72 | 241.15 | NOTE | |
r-devel-linux-x86_64-fedora-clang | 1.6.0 | 634.05 | OK | |||
r-devel-linux-x86_64-fedora-gcc | 1.6.0 | 662.02 | OK | |||
r-devel-windows-x86_64 | 1.6.0 | 11.00 | 551.00 | 562.00 | NOTE | |
r-patched-linux-x86_64 | 1.6.0 | 9.04 | 320.67 | 329.71 | NOTE | |
r-release-linux-x86_64 | 1.6.0 | 9.74 | 325.43 | 335.17 | NOTE | |
r-release-macos-arm64 | 1.6.0 | 225.00 | OK | |||
r-release-macos-x86_64 | 1.6.0 | 425.00 | OK | |||
r-release-windows-x86_64 | 1.6.0 | 11.00 | 554.00 | 565.00 | NOTE | |
r-oldrel-macos-arm64 | 1.6.0 | 160.00 | OK | |||
r-oldrel-macos-x86_64 | 1.6.0 | 325.00 | OK | |||
r-oldrel-windows-x86_64 | 1.6.0 | 14.00 | 584.00 | 598.00 | OK |
Version: 1.6.0
Check: Rd cross-references
Result: NOTE
Found the following Rd file(s) with Rd \link{} targets missing package
anchors:
network.run.Rd: jags.model
Please provide package anchors for all Rd \link{} targets not in the
package itself and the base packages.
Flavors: r-devel-linux-x86_64-debian-clang, r-devel-linux-x86_64-debian-gcc, r-devel-windows-x86_64, r-patched-linux-x86_64, r-release-linux-x86_64, r-release-windows-x86_64