Last updated on 2025-04-30 04:50:00 CEST.
Flavor | Version | Tinstall | Tcheck | Ttotal | Status | Flags |
---|---|---|---|---|---|---|
r-devel-linux-x86_64-debian-clang | 0.2.2 | 20.54 | 158.94 | 179.48 | NOTE | |
r-devel-linux-x86_64-debian-gcc | 0.2.2 | 12.46 | 107.64 | 120.10 | OK | |
r-devel-linux-x86_64-fedora-clang | 0.2.2 | 257.57 | OK | |||
r-devel-linux-x86_64-fedora-gcc | 0.2.2 | 237.38 | OK | |||
r-devel-windows-x86_64 | 0.2.2 | 19.00 | 156.00 | 175.00 | OK | |
r-patched-linux-x86_64 | 0.2.2 | 17.42 | 146.02 | 163.44 | OK | |
r-release-linux-x86_64 | 0.2.2 | 19.14 | 142.62 | 161.76 | OK | |
r-release-macos-arm64 | 0.2.2 | 71.00 | OK | |||
r-release-macos-x86_64 | 0.2.2 | 238.00 | OK | |||
r-release-windows-x86_64 | 0.2.2 | 20.00 | 154.00 | 174.00 | OK | |
r-oldrel-macos-arm64 | 0.2.2 | 64.00 | OK | |||
r-oldrel-macos-x86_64 | 0.2.2 | 121.00 | OK | |||
r-oldrel-windows-x86_64 | 0.2.2 | 27.00 | 204.00 | 231.00 | OK |
Version: 0.2.2
Check: examples
Result: NOTE
Examples with CPU (user + system) or elapsed time > 5s
user system elapsed
seq_node_monitor 5.733 0.186 8.925
sensquery 4.883 0.074 6.210
Flavor: r-devel-linux-x86_64-debian-clang