Last updated on 2025-11-04 03:50:45 CET.
| Flavor | Version | Tinstall | Tcheck | Ttotal | Status | Flags | 
|---|---|---|---|---|---|---|
| r-devel-linux-x86_64-debian-clang | 0.3.0 | 2.90 | 37.09 | 39.99 | NOTE | |
| r-devel-linux-x86_64-debian-gcc | 0.3.0 | 2.17 | 29.05 | 31.22 | NOTE | |
| r-devel-linux-x86_64-fedora-clang | 0.3.0 | 61.77 | NOTE | |||
| r-devel-linux-x86_64-fedora-gcc | 0.3.0 | 58.04 | NOTE | |||
| r-devel-windows-x86_64 | 0.3.0 | 4.00 | 59.00 | 63.00 | OK | |
| r-patched-linux-x86_64 | 0.3.0 | 3.12 | 34.55 | 37.67 | OK | |
| r-release-linux-x86_64 | 0.3.0 | 2.81 | 34.33 | 37.14 | OK | |
| r-release-macos-arm64 | 0.3.0 | 1.00 | 22.00 | 23.00 | OK | |
| r-release-macos-x86_64 | 0.3.0 | 3.00 | 36.00 | 39.00 | OK | |
| r-release-windows-x86_64 | 0.3.0 | 5.00 | 54.00 | 59.00 | OK | |
| r-oldrel-macos-arm64 | 0.3.0 | 1.00 | 22.00 | 23.00 | OK | |
| r-oldrel-macos-x86_64 | 0.3.0 | 3.00 | 36.00 | 39.00 | OK | |
| r-oldrel-windows-x86_64 | 0.3.0 | 7.00 | 68.00 | 75.00 | OK | 
Version: 0.3.0
Check: CRAN incoming feasibility
Result: NOTE
  Maintainer: ‘Elias Carvalho <ecacarva@gmail.com>’
  
  No Authors@R field in DESCRIPTION.
  Please add one, modifying
    Authors@R: c(person(given = "Elias",
                        family = "Carvalho",
                        role = c("aut", "cre"),
                        email = "ecacarva@gmail.com"),
                 person(given = c("Joao", "R", "N"),
                        family = "Vissoci",
                        role = "aut"),
                 person(given = "Luciano",
                        family = "Andrade",
                        role = "aut"),
                 person(given = "Wagner",
                        family = "Machado",
                        role = "aut"),
                 person(given = c("Emerson", "P"),
                        family = "Cabrera",
                        role = "aut"),
                 person(given = c("Julio", "C"),
                        family = "Nievola",
                        role = "aut"))
  as necessary.
Flavors: r-devel-linux-x86_64-debian-clang, r-devel-linux-x86_64-debian-gcc
Version: 0.3.0
Check: dependencies in R code
Result: NOTE
  Namespaces in Imports field not imported from:
    ‘Rgraphviz’ ‘fastDummies’
    All declared Imports should be used.
Flavors: r-devel-linux-x86_64-fedora-clang, r-devel-linux-x86_64-fedora-gcc