Last updated on 2025-04-30 04:50:00 CEST.
Flavor | Version | Tinstall | Tcheck | Ttotal | Status | Flags |
---|---|---|---|---|---|---|
r-devel-linux-x86_64-debian-clang | 1.3.13 | 2.95 | 47.43 | 50.38 | NOTE | |
r-devel-linux-x86_64-debian-gcc | 1.3.13 | 2.12 | 34.85 | 36.97 | NOTE | |
r-devel-linux-x86_64-fedora-clang | 1.3.13 | 77.41 | OK | |||
r-devel-linux-x86_64-fedora-gcc | 1.3.13 | 85.68 | OK | |||
r-devel-windows-x86_64 | 1.3.13 | 4.00 | 74.00 | 78.00 | OK | |
r-patched-linux-x86_64 | 1.3.13 | 3.59 | 43.97 | 47.56 | OK | |
r-release-linux-x86_64 | 1.3.13 | 2.88 | 43.47 | 46.35 | OK | |
r-release-macos-arm64 | 1.3.13 | 45.00 | OK | |||
r-release-macos-x86_64 | 1.3.13 | 67.00 | OK | |||
r-release-windows-x86_64 | 1.3.13 | 4.00 | 76.00 | 80.00 | OK | |
r-oldrel-macos-arm64 | 1.3.13 | 34.00 | OK | |||
r-oldrel-macos-x86_64 | 1.3.13 | 60.00 | OK | |||
r-oldrel-windows-x86_64 | 1.3.13 | 5.00 | 81.00 | 86.00 | OK |
Version: 1.3.13
Check: CRAN incoming feasibility
Result: NOTE
Maintainer: ‘Alejandro Ochoa <alejandro.ochoa@duke.edu>’
Package CITATION file contains call(s) to old-style personList() or
as.personList(). Please use c() on person objects instead.
Flavors: r-devel-linux-x86_64-debian-clang, r-devel-linux-x86_64-debian-gcc