CRAN Package Check Results for Package bnviewer

Last updated on 2025-02-21 03:52:08 CET.

Flavor Version Tinstall Tcheck Ttotal Status Flags
r-devel-linux-x86_64-debian-clang 0.1.6 2.75 37.53 40.28 NOTE
r-devel-linux-x86_64-debian-gcc 0.1.6 2.76 29.77 32.53 NOTE
r-devel-linux-x86_64-fedora-clang 0.1.6 65.50 NOTE
r-devel-linux-x86_64-fedora-gcc 0.1.6 63.38 NOTE
r-devel-macos-arm64 0.1.6 31.00 NOTE
r-devel-macos-x86_64 0.1.6 46.00 NOTE
r-devel-windows-x86_64 0.1.6 5.00 58.00 63.00 NOTE
r-patched-linux-x86_64 0.1.6 4.12 36.18 40.30 NOTE
r-release-linux-x86_64 0.1.6 2.29 36.21 38.50 NOTE
r-release-macos-arm64 0.1.6 26.00 NOTE
r-release-macos-x86_64 0.1.6 57.00 NOTE
r-release-windows-x86_64 0.1.6 6.00 0.00 6.00 FAIL
r-oldrel-macos-arm64 0.1.6 25.00 NOTE
r-oldrel-macos-x86_64 0.1.6 40.00 NOTE
r-oldrel-windows-x86_64 0.1.6 7.00 65.00 72.00 NOTE

Check Details

Version: 0.1.6
Check: Rd files
Result: NOTE checkRd: (-1) strength.viewer.Rd:148: Lost braces in \itemize; meant \describe ? checkRd: (-1) strength.viewer.Rd:149: Lost braces in \itemize; meant \describe ? checkRd: (-1) strength.viewer.Rd:150: Lost braces in \itemize; meant \describe ? checkRd: (-1) strength.viewer.Rd:151: Lost braces in \itemize; meant \describe ? checkRd: (-1) strength.viewer.Rd:152: Lost braces in \itemize; meant \describe ? Flavors: r-devel-linux-x86_64-debian-clang, r-devel-linux-x86_64-debian-gcc, r-devel-linux-x86_64-fedora-clang, r-devel-linux-x86_64-fedora-gcc, r-devel-macos-arm64, r-devel-macos-x86_64, r-devel-windows-x86_64, r-patched-linux-x86_64, r-release-linux-x86_64, r-release-macos-arm64, r-release-macos-x86_64, r-release-windows-x86_64

Version: 0.1.6
Check: dependencies in R code
Result: NOTE Namespaces in Imports field not imported from: ‘caret’ ‘e1071’ All declared Imports should be used. Flavors: r-devel-linux-x86_64-fedora-clang, r-devel-linux-x86_64-fedora-gcc

Version: 0.1.6
Check: LazyData
Result: NOTE 'LazyData' is specified without a 'data' directory Flavors: r-patched-linux-x86_64, r-release-linux-x86_64, r-release-macos-arm64, r-release-macos-x86_64, r-release-windows-x86_64, r-oldrel-macos-arm64, r-oldrel-macos-x86_64, r-oldrel-windows-x86_64

Version: 0.1.6
Check: PDF version of manual
Result: FAIL Check process probably crashed or hung up for 20 minutes ... killed Most likely this happened in the example checks (?), if not, ignore the following last lines of example output: + icon = list(code = "f192", color = "#4caf50"), + nodes = list("VALV","VLNG","VTUB","VMCH")), + list(label = "Saturation", + shape = "icon", + icon = list(code = "f10c", color = "#ffc107"), + nodes = list("HRSA","SAO2","PVS")) + ) + ) > > > > > ### * <FOOTER> > ### > cleanEx() detaching 'package:bnlearn' > options(digits = 7L) > base::cat("Time elapsed: ", proc.time() - base::get("ptime", pos = 'CheckExEnv'),"\n") Time elapsed: 2.08 0.63 2.7 NA NA > grDevices::dev.off() null device 1 > ### > ### Local variables: *** > ### mode: outline-minor *** > ### outline-regexp: "\\(> \\)?### [*]+" *** > ### End: *** > quit('no') ======== End of example output (where/before crash/hang up occured ?) ======== Flavor: r-release-windows-x86_64