Last updated on 2025-04-30 04:50:00 CEST.
Flavor | Version | Tinstall | Tcheck | Ttotal | Status | Flags |
---|---|---|---|---|---|---|
r-devel-linux-x86_64-debian-clang | 0.1.1 | 4.73 | 45.11 | 49.84 | NOTE | |
r-devel-linux-x86_64-debian-gcc | 0.1.1 | 3.11 | 33.26 | 36.37 | NOTE | |
r-devel-linux-x86_64-fedora-clang | 0.1.1 | 123.11 | OK | |||
r-devel-linux-x86_64-fedora-gcc | 0.1.1 | 122.99 | OK | |||
r-devel-windows-x86_64 | 0.1.1 | 7.00 | 113.00 | 120.00 | OK | |
r-patched-linux-x86_64 | 0.1.1 | 4.51 | 42.31 | 46.82 | OK | |
r-release-linux-x86_64 | 0.1.1 | 4.35 | 42.29 | 46.64 | OK | |
r-release-macos-arm64 | 0.1.1 | 75.00 | OK | |||
r-release-macos-x86_64 | 0.1.1 | 92.00 | OK | |||
r-release-windows-x86_64 | 0.1.1 | 8.00 | 113.00 | 121.00 | OK | |
r-oldrel-macos-arm64 | 0.1.1 | 54.00 | OK | |||
r-oldrel-macos-x86_64 | 0.1.1 | 90.00 | OK | |||
r-oldrel-windows-x86_64 | 0.1.1 | 8.00 | 125.00 | 133.00 | OK |
Version: 0.1.1
Check: examples
Result: NOTE
Examples with CPU (user + system) or elapsed time > 5s
user system elapsed
get_graph 0.029 0.004 10.044
get_stats 0.006 0.001 10.006
get_list 0.002 0.004 10.022
import_data 0.002 0.004 10.012
Flavor: r-devel-linux-x86_64-debian-clang
Version: 0.1.1
Check: examples
Result: NOTE
Examples with CPU (user + system) or elapsed time > 5s
user system elapsed
get_graph 0.022 0.004 10.049
get_list 0.004 0.000 10.006
get_stats 0.004 0.000 10.006
import_data 0.004 0.000 10.012
Flavor: r-devel-linux-x86_64-debian-gcc