Last updated on 2025-04-30 04:50:00 CEST.
Flavor | Version | Tinstall | Tcheck | Ttotal | Status | Flags |
---|---|---|---|---|---|---|
r-devel-linux-x86_64-debian-clang | 1.0.0 | 136.23 | 34.93 | 171.16 | OK | |
r-devel-linux-x86_64-debian-gcc | 1.0.0 | 115.38 | 51.55 | 166.93 | OK | |
r-devel-linux-x86_64-fedora-clang | 1.0.0 | 322.86 | OK | |||
r-devel-linux-x86_64-fedora-gcc | 1.0.0 | 387.11 | OK | |||
r-devel-windows-x86_64 | 1.0.0 | 158.00 | 90.00 | 248.00 | OK | |
r-patched-linux-x86_64 | 1.0.0 | 154.47 | 72.88 | 227.35 | OK | |
r-release-linux-x86_64 | 1.0.0 | 156.25 | 72.01 | 228.26 | OK | |
r-release-macos-arm64 | 1.0.0 | 68.00 | OK | |||
r-release-macos-x86_64 | 1.0.0 | 103.00 | OK | |||
r-release-windows-x86_64 | 1.0.0 | 157.00 | 88.00 | 245.00 | OK | |
r-oldrel-macos-arm64 | 1.0.0 | 12.00 | ERROR | |||
r-oldrel-macos-x86_64 | 1.0.0 | 97.00 | NOTE | |||
r-oldrel-windows-x86_64 | 1.0.0 | 182.00 | 102.00 | 284.00 | OK |
Version: 1.0.0
Check: whether package can be installed
Result: ERROR
Installation failed.
Flavor: r-oldrel-macos-arm64
Version: 1.0.0
Check: installed package size
Result: NOTE
installed size is 13.2Mb
sub-directories of 1Mb or more:
libs 12.3Mb
Flavor: r-oldrel-macos-x86_64