Last updated on 2025-04-30 04:50:00 CEST.
Flavor | Version | Tinstall | Tcheck | Ttotal | Status | Flags |
---|---|---|---|---|---|---|
r-devel-linux-x86_64-debian-clang | 1.3-31 | 7.09 | 83.53 | 90.62 | NOTE | |
r-devel-linux-x86_64-debian-gcc | 1.3-31 | 3.80 | 53.06 | 56.86 | NOTE | |
r-devel-linux-x86_64-fedora-clang | 1.3-31 | 140.26 | OK | |||
r-devel-linux-x86_64-fedora-gcc | 1.3-31 | 130.99 | OK | |||
r-devel-windows-x86_64 | 1.3-31 | 8.00 | 114.00 | 122.00 | OK | |
r-patched-linux-x86_64 | 1.3-31 | 6.43 | 76.59 | 83.02 | OK | |
r-release-linux-x86_64 | 1.3-31 | 5.38 | 76.51 | 81.89 | OK | |
r-release-macos-arm64 | 1.3-31 | 41.00 | OK | |||
r-release-macos-x86_64 | 1.3-31 | 75.00 | OK | |||
r-release-windows-x86_64 | 1.3-31 | 11.00 | 109.00 | 120.00 | OK | |
r-oldrel-macos-arm64 | 1.3-31 | 39.00 | OK | |||
r-oldrel-macos-x86_64 | 1.3-31 | 125.00 | OK | |||
r-oldrel-windows-x86_64 | 1.3-31 | 10.00 | 126.00 | 136.00 | OK |
Version: 1.3-31
Check: examples
Result: NOTE
Examples with CPU (user + system) or elapsed time > 5s
user system elapsed
censboot 13.506 0.117 16.018
boot 5.097 0.000 6.259
tilt.boot 4.529 0.000 5.581
Flavor: r-devel-linux-x86_64-debian-clang
Version: 1.3-31
Check: examples
Result: NOTE
Examples with CPU (user + system) or elapsed time > 5s
user system elapsed
censboot 7.806 0.101 11.034
Flavor: r-devel-linux-x86_64-debian-gcc