Last updated on 2025-04-30 04:50:00 CEST.
Flavor | Version | Tinstall | Tcheck | Ttotal | Status | Flags |
---|---|---|---|---|---|---|
r-devel-linux-x86_64-debian-clang | 2.1.0 | 25.98 | 605.17 | 631.15 | NOTE | |
r-devel-linux-x86_64-debian-gcc | 2.1.0 | 19.86 | 361.71 | 381.57 | NOTE | |
r-devel-linux-x86_64-fedora-clang | 2.1.0 | 1100.27 | OK | |||
r-devel-linux-x86_64-fedora-gcc | 2.1.0 | 1042.01 | OK | |||
r-devel-windows-x86_64 | 2.1.0 | 33.00 | 537.00 | 570.00 | OK | |
r-patched-linux-x86_64 | 2.1.0 | 25.40 | 568.53 | 593.93 | OK | |
r-release-linux-x86_64 | 2.1.0 | 23.90 | 567.66 | 591.56 | OK | |
r-release-macos-arm64 | 2.1.0 | 235.00 | OK | |||
r-release-macos-x86_64 | 2.1.0 | 524.00 | OK | |||
r-release-windows-x86_64 | 2.1.0 | 32.00 | 548.00 | 580.00 | OK | |
r-oldrel-macos-arm64 | 2.1.0 | 214.00 | OK | |||
r-oldrel-macos-x86_64 | 2.1.0 | 349.00 | OK | |||
r-oldrel-windows-x86_64 | 2.1.0 | 37.00 | 699.00 | 736.00 | OK |
Version: 2.1.0
Check: CRAN incoming feasibility
Result: NOTE
Maintainer: ‘Gianmarco Vacca <gianmarco.vacca@unicatt.it>’
No Authors@R field in DESCRIPTION.
Please add one, modifying
Authors@R: c(person(given = "Gianmarco",
family = "Vacca",
role = c("aut", "cre"),
email = "gianmarco.vacca@unicatt.it"),
person(given = "Stefano",
family = "Bertelli",
role = "aut"))
as necessary.
Flavors: r-devel-linux-x86_64-debian-clang, r-devel-linux-x86_64-debian-gcc