CRAN Package Check Results for Package bootUR

Last updated on 2025-04-30 04:50:00 CEST.

Flavor Version Tinstall Tcheck Ttotal Status Flags
r-devel-linux-x86_64-debian-clang 1.0.4 36.30 82.25 118.55 OK
r-devel-linux-x86_64-debian-gcc 1.0.4 28.39 56.85 85.24 OK
r-devel-linux-x86_64-fedora-clang 1.0.4 211.08 OK
r-devel-linux-x86_64-fedora-gcc 1.0.4 219.76 OK
r-devel-windows-x86_64 1.0.4 47.00 147.00 194.00 OK
r-patched-linux-x86_64 1.0.4 40.46 76.89 117.35 OK
r-release-linux-x86_64 1.0.4 39.75 76.89 116.64 OK
r-release-macos-arm64 1.0.4 73.00 OK
r-release-macos-x86_64 1.0.4 140.00 OK
r-release-windows-x86_64 1.0.4 46.00 144.00 190.00 OK
r-oldrel-macos-arm64 1.0.4 45.00 NOTE
r-oldrel-macos-x86_64 1.0.4 73.00 NOTE
r-oldrel-windows-x86_64 1.0.4 52.00 183.00 235.00 NOTE

Check Details

Version: 1.0.4
Check: installed package size
Result: NOTE installed size is 5.1Mb sub-directories of 1Mb or more: libs 4.7Mb Flavors: r-oldrel-macos-arm64, r-oldrel-macos-x86_64

Version: 1.0.4
Check: for GNU extensions in Makefiles
Result: NOTE GNU make is a SystemRequirements. Flavors: r-oldrel-macos-arm64, r-oldrel-macos-x86_64, r-oldrel-windows-x86_64