Last updated on 2025-02-21 03:52:08 CET.
Flavor | Version | Tinstall | Tcheck | Ttotal | Status | Flags |
---|---|---|---|---|---|---|
r-devel-linux-x86_64-debian-clang | 1.0.4 | 35.49 | 81.33 | 116.82 | OK | |
r-devel-linux-x86_64-debian-gcc | 1.0.4 | 29.62 | 55.69 | 85.31 | OK | |
r-devel-linux-x86_64-fedora-clang | 1.0.4 | 207.23 | OK | |||
r-devel-linux-x86_64-fedora-gcc | 1.0.4 | 223.88 | OK | |||
r-devel-macos-arm64 | 1.0.4 | 65.00 | OK | |||
r-devel-macos-x86_64 | 1.0.4 | 136.00 | OK | |||
r-devel-windows-x86_64 | 1.0.4 | 41.00 | 145.00 | 186.00 | OK | |
r-patched-linux-x86_64 | 1.0.4 | 37.51 | 75.45 | 112.96 | NOTE | |
r-release-linux-x86_64 | 1.0.4 | 38.97 | 75.50 | 114.47 | NOTE | |
r-release-macos-arm64 | 1.0.4 | 45.00 | NOTE | |||
r-release-macos-x86_64 | 1.0.4 | 73.00 | NOTE | |||
r-release-windows-x86_64 | 1.0.4 | 43.00 | 144.00 | 187.00 | NOTE | |
r-oldrel-macos-arm64 | 1.0.4 | 72.00 | NOTE | |||
r-oldrel-macos-x86_64 | 1.0.4 | 174.00 | NOTE | |||
r-oldrel-windows-x86_64 | 1.0.4 | 51.00 | 166.00 | 217.00 | NOTE |
Version: 1.0.4
Check: for GNU extensions in Makefiles
Result: NOTE
GNU make is a SystemRequirements.
Flavors: r-patched-linux-x86_64, r-release-linux-x86_64, r-release-macos-arm64, r-release-macos-x86_64, r-release-windows-x86_64, r-oldrel-macos-arm64, r-oldrel-macos-x86_64, r-oldrel-windows-x86_64
Version: 1.0.4
Check: installed package size
Result: NOTE
installed size is 5.1Mb
sub-directories of 1Mb or more:
libs 4.7Mb
Flavors: r-release-macos-arm64, r-release-macos-x86_64, r-oldrel-macos-arm64, r-oldrel-macos-x86_64