Last updated on 2025-04-30 04:50:00 CEST.
Flavor | Version | Tinstall | Tcheck | Ttotal | Status | Flags |
---|---|---|---|---|---|---|
r-devel-linux-x86_64-debian-clang | 0.0.1 | 2.88 | 46.96 | 49.84 | NOTE | |
r-devel-linux-x86_64-debian-gcc | 0.0.1 | 2.71 | 31.27 | 33.98 | NOTE | |
r-devel-linux-x86_64-fedora-clang | 0.0.1 | 83.03 | OK | |||
r-devel-linux-x86_64-fedora-gcc | 0.0.1 | 79.73 | OK | |||
r-devel-windows-x86_64 | 0.0.1 | 4.00 | 74.00 | 78.00 | OK | |
r-patched-linux-x86_64 | 0.0.1 | 3.60 | 43.75 | 47.35 | OK | |
r-release-linux-x86_64 | 0.0.1 | 3.68 | 44.59 | 48.27 | OK | |
r-release-macos-arm64 | 0.0.1 | 25.00 | OK | |||
r-release-macos-x86_64 | 0.0.1 | 76.00 | OK | |||
r-release-windows-x86_64 | 0.0.1 | 4.00 | 66.00 | 70.00 | OK | |
r-oldrel-macos-arm64 | 0.0.1 | 29.00 | OK | |||
r-oldrel-macos-x86_64 | 0.0.1 | 54.00 | OK | |||
r-oldrel-windows-x86_64 | 0.0.1 | 4.00 | 74.00 | 78.00 | OK |
Version: 0.0.1
Check: examples
Result: NOTE
Examples with CPU (user + system) or elapsed time > 5s
user system elapsed
boot.twostage 13.018 0.043 15.734
direct.boot.stsrs 5.509 0.000 6.671
Flavor: r-devel-linux-x86_64-debian-clang
Version: 0.0.1
Check: examples
Result: NOTE
Examples with CPU (user + system) or elapsed time > 5s
user system elapsed
boot.twostage 7.195 0.048 9.653
Flavor: r-devel-linux-x86_64-debian-gcc