Last updated on 2025-04-30 04:50:00 CEST.
Flavor | Version | Tinstall | Tcheck | Ttotal | Status | Flags |
---|---|---|---|---|---|---|
r-devel-linux-x86_64-debian-clang | 2.0.2 | 10.95 | 72.15 | 83.10 | NOTE | |
r-devel-linux-x86_64-debian-gcc | 2.0.2 | 7.33 | 49.67 | 57.00 | NOTE | |
r-devel-linux-x86_64-fedora-clang | 2.0.2 | 134.23 | OK | |||
r-devel-linux-x86_64-fedora-gcc | 2.0.3 | 121.88 | OK | |||
r-devel-windows-x86_64 | 2.0.2 | 13.00 | 92.00 | 105.00 | OK | |
r-patched-linux-x86_64 | 2.0.2 | 12.01 | 68.39 | 80.40 | OK | |
r-release-linux-x86_64 | 2.0.2 | 10.49 | 68.28 | 78.77 | OK | |
r-release-macos-arm64 | 2.0.3 | 37.00 | OK | |||
r-release-macos-x86_64 | 2.0.3 | 72.00 | OK | |||
r-release-windows-x86_64 | 2.0.3 | 16.00 | 92.00 | 108.00 | OK | |
r-oldrel-macos-arm64 | 2.0.3 | 40.00 | OK | |||
r-oldrel-macos-x86_64 | 2.0.3 | 89.00 | OK | |||
r-oldrel-windows-x86_64 | 2.0.2 | 15.00 | 112.00 | 127.00 | OK |
Version: 2.0.2
Check: CRAN incoming feasibility
Result: NOTE
Maintainer: ‘Francis K.C. Hui <fhui28@gmail.com>’
No Authors@R field in DESCRIPTION.
Please add one, modifying
Authors@R: c(person(given = c("Francis", "K.C."),
family = "Hui",
role = c("aut", "cre"),
email = "fhui28@gmail.com"),
person(given = "Wade",
family = "Blanchard",
role = "aut"))
as necessary.
Package has help file(s) containing later-stage \Sexpr{} expressions
but no 'build/stage23.rdb' file.
Flavors: r-devel-linux-x86_64-debian-clang, r-devel-linux-x86_64-debian-gcc