CRAN Package Check Results for Package borrowr

Last updated on 2025-04-30 04:50:00 CEST.

Flavor Version Tinstall Tcheck Ttotal Status Flags
r-devel-linux-x86_64-debian-clang 0.2.0 53.60 72.67 126.27 NOTE
r-devel-linux-x86_64-debian-gcc 0.2.0 36.32 51.68 88.00 NOTE
r-devel-linux-x86_64-fedora-clang 0.2.0 239.35 OK
r-devel-linux-x86_64-fedora-gcc 0.2.0 220.56 OK
r-devel-windows-x86_64 0.2.0 63.00 100.00 163.00 OK
r-patched-linux-x86_64 0.2.0 52.47 70.36 122.83 OK
r-release-linux-x86_64 0.2.0 51.49 68.95 120.44 OK
r-release-macos-arm64 0.2.0 66.00 OK
r-release-macos-x86_64 0.2.0 98.00 OK
r-release-windows-x86_64 0.2.0 63.00 97.00 160.00 OK
r-oldrel-macos-arm64 0.2.0 68.00 OK
r-oldrel-macos-x86_64 0.2.0 82.00 OK
r-oldrel-windows-x86_64 0.2.0 69.00 127.00 196.00 OK

Check Details

Version: 0.2.0
Check: CRAN incoming feasibility
Result: NOTE Maintainer: ‘Jeffrey A. Boatman <jeffrey.boatman@gmail.com>’ No Authors@R field in DESCRIPTION. Please add one, modifying Authors@R: c(person(given = c("Jeffrey", "A."), family = "Boatman", role = c("aut", "cre"), email = "jeffrey.boatman@gmail.com"), person(given = c("David", "M."), family = "Vock", role = "aut"), person(given = c("Joseph", "S."), family = "Koopmeiners", role = "aut")) as necessary. Flavors: r-devel-linux-x86_64-debian-clang, r-devel-linux-x86_64-debian-gcc