Last updated on 2025-04-30 04:50:00 CEST.
Flavor | Version | Tinstall | Tcheck | Ttotal | Status | Flags |
---|---|---|---|---|---|---|
r-devel-linux-x86_64-debian-clang | 1.1-2 | 6.10 | 69.60 | 75.70 | NOTE | |
r-devel-linux-x86_64-debian-gcc | 1.1-2 | 5.69 | 49.82 | 55.51 | NOTE | |
r-devel-linux-x86_64-fedora-clang | 1.1-2 | 119.03 | OK | |||
r-devel-linux-x86_64-fedora-gcc | 1.1-2 | 113.85 | OK | |||
r-devel-windows-x86_64 | 1.1-2 | 8.00 | 79.00 | 87.00 | OK | |
r-patched-linux-x86_64 | 1.1-2 | 6.13 | 64.38 | 70.51 | OK | |
r-release-linux-x86_64 | 1.1-2 | 7.23 | 64.74 | 71.97 | OK | |
r-release-macos-arm64 | 1.1-2 | 36.00 | OK | |||
r-release-macos-x86_64 | 1.1-2 | 71.00 | OK | |||
r-release-windows-x86_64 | 1.1-2 | 8.00 | 77.00 | 85.00 | OK | |
r-oldrel-macos-arm64 | 1.1-2 | 33.00 | OK | |||
r-oldrel-macos-x86_64 | 1.1-2 | 49.00 | OK | |||
r-oldrel-windows-x86_64 | 1.1-2 | 10.00 | 89.00 | 99.00 | OK |
Version: 1.1-2
Check: examples
Result: NOTE
Examples with CPU (user + system) or elapsed time > 5s
user system elapsed
STR_FE 8.012 0.216 10.652
Flavor: r-devel-linux-x86_64-debian-clang
Version: 1.1-2
Check: examples
Result: NOTE
Examples with CPU (user + system) or elapsed time > 5s
user system elapsed
STR_FE 4.369 0.009 5.748
Flavor: r-devel-linux-x86_64-debian-gcc