Last updated on 2025-04-30 04:50:01 CEST.
Flavor | Version | Tinstall | Tcheck | Ttotal | Status | Flags |
---|---|---|---|---|---|---|
r-devel-linux-x86_64-debian-clang | 0.2 | 5.45 | 59.95 | 65.40 | NOTE | |
r-devel-linux-x86_64-debian-gcc | 0.2 | 3.44 | 42.34 | 45.78 | OK | |
r-devel-linux-x86_64-fedora-clang | 0.2 | 94.99 | OK | |||
r-devel-linux-x86_64-fedora-gcc | 0.2 | 105.51 | OK | |||
r-devel-windows-x86_64 | 0.2 | 7.00 | 84.00 | 91.00 | OK | |
r-patched-linux-x86_64 | 0.2 | 4.95 | 56.79 | 61.74 | OK | |
r-release-linux-x86_64 | 0.2 | 5.18 | 56.10 | 61.28 | OK | |
r-release-macos-arm64 | 0.2 | 46.00 | OK | |||
r-release-macos-x86_64 | 0.2 | 71.00 | OK | |||
r-release-windows-x86_64 | 0.2 | 8.00 | 84.00 | 92.00 | OK | |
r-oldrel-macos-arm64 | 0.2 | 38.00 | OK | |||
r-oldrel-macos-x86_64 | 0.2 | 57.00 | OK | |||
r-oldrel-windows-x86_64 | 0.2 | 9.00 | 99.00 | 108.00 | OK |
Version: 0.2
Check: examples
Result: NOTE
Examples with CPU (user + system) or elapsed time > 5s
user system elapsed
boxclip 4.882 0.214 6.022
Flavor: r-devel-linux-x86_64-debian-clang