CRAN Package Check Results for Package bpDir

Last updated on 2025-04-30 04:50:01 CEST.

Flavor Version Tinstall Tcheck Ttotal Status Flags
r-devel-linux-x86_64-debian-clang 0.1.2 3.72 26.12 29.84 NOTE
r-devel-linux-x86_64-debian-gcc 0.1.2 2.46 19.61 22.07 NOTE
r-devel-linux-x86_64-fedora-clang 0.1.2 47.42 OK
r-devel-linux-x86_64-fedora-gcc 0.1.2 45.06 OK
r-devel-windows-x86_64 0.1.2 4.00 49.00 53.00 OK
r-patched-linux-x86_64 0.1.2 4.16 25.29 29.45 OK
r-release-linux-x86_64 0.1.2 4.00 24.98 28.98 OK
r-release-macos-arm64 0.1.2 18.00 OK
r-release-macos-x86_64 0.1.2 47.00 OK
r-release-windows-x86_64 0.1.2 5.00 46.00 51.00 OK
r-oldrel-macos-arm64 0.1.2 22.00 OK
r-oldrel-macos-x86_64 0.1.2 38.00 OK
r-oldrel-windows-x86_64 0.1.2 4.00 48.00 52.00 OK

Check Details

Version: 0.1.2
Check: CRAN incoming feasibility
Result: NOTE Maintainer: ‘Davide Buttarazzi <davidebuttarazzi@outlook.com>’ No Authors@R field in DESCRIPTION. Please add one, modifying Authors@R: person(given = "Davide", family = "Buttarazzi", role = c("aut", "cre"), email = "davidebuttarazzi@outlook.com") as necessary. Flavors: r-devel-linux-x86_64-debian-clang, r-devel-linux-x86_64-debian-gcc