Last updated on 2025-04-30 04:50:01 CEST.
Flavor | Version | Tinstall | Tcheck | Ttotal | Status | Flags |
---|---|---|---|---|---|---|
r-devel-linux-x86_64-debian-clang | 1.0.9 | 76.07 | 70.77 | 146.84 | NOTE | |
r-devel-linux-x86_64-debian-gcc | 1.0.9 | 55.70 | 48.66 | 104.36 | NOTE | |
r-devel-linux-x86_64-fedora-clang | 1.0.9 | 253.58 | NOTE | |||
r-devel-linux-x86_64-fedora-gcc | 1.0.9 | 243.16 | NOTE | |||
r-devel-windows-x86_64 | 1.0.9 | 84.00 | 122.00 | 206.00 | NOTE | |
r-patched-linux-x86_64 | 1.0.9 | 74.37 | 66.12 | 140.49 | NOTE | |
r-release-linux-x86_64 | 1.0.9 | 74.78 | 66.03 | 140.81 | NOTE | |
r-release-macos-arm64 | 1.0.9 | 66.00 | NOTE | |||
r-release-macos-x86_64 | 1.0.9 | 105.00 | NOTE | |||
r-release-windows-x86_64 | 1.0.9 | 90.00 | 118.00 | 208.00 | NOTE | |
r-oldrel-macos-arm64 | 1.0.9 | 63.00 | NOTE | |||
r-oldrel-macos-x86_64 | 1.0.9 | 90.00 | NOTE | |||
r-oldrel-windows-x86_64 | 1.0.9 | 97.00 | 141.00 | 238.00 | NOTE |
Version: 1.0.9
Check: CRAN incoming feasibility
Result: NOTE
Maintainer: ‘Yaoxiang Li <yl814@georgetown.edu>’
No Authors@R field in DESCRIPTION.
Please add one, modifying
Authors@R: c(person(given = "Xiang",
family = "Lu",
role = "aut",
email = "Xiang_Luaturmc.rochester.edu"),
person(given = "Yaoxiang",
family = "Li",
role = c("aut", "cre"),
email = "yl814atgeorgetown.edu"),
person(given = "Tanzy",
family = "Love",
role = "aut",
email = "tanzy_loveaturmc.rochester.edu"))
as necessary.
Flavors: r-devel-linux-x86_64-debian-clang, r-devel-linux-x86_64-debian-gcc
Version: 1.0.9
Check: C++ specification
Result: NOTE
Specified C++11: please drop specification unless essential
Flavors: r-devel-linux-x86_64-debian-clang, r-devel-linux-x86_64-debian-gcc, r-devel-linux-x86_64-fedora-clang, r-devel-linux-x86_64-fedora-gcc, r-devel-windows-x86_64, r-patched-linux-x86_64, r-release-linux-x86_64, r-release-macos-arm64, r-release-macos-x86_64, r-release-windows-x86_64, r-oldrel-macos-arm64, r-oldrel-macos-x86_64, r-oldrel-windows-x86_64
Version: 1.0.9
Check: examples
Result: NOTE
Examples with CPU (user + system) or elapsed time > 5s
user system elapsed
evaluatePrior 5.583 0.066 6.575
Flavor: r-devel-linux-x86_64-debian-clang
Version: 1.0.9
Check: installed package size
Result: NOTE
installed size is 5.5Mb
sub-directories of 1Mb or more:
libs 5.3Mb
Flavors: r-oldrel-macos-arm64, r-oldrel-macos-x86_64