Last updated on 2025-04-30 04:50:01 CEST.
Flavor | Version | Tinstall | Tcheck | Ttotal | Status | Flags |
---|---|---|---|---|---|---|
r-devel-linux-x86_64-debian-clang | 2.0.3 | 59.99 | 66.50 | 126.49 | OK | |
r-devel-linux-x86_64-debian-gcc | 2.0.3 | 42.62 | 47.32 | 89.94 | OK | |
r-devel-linux-x86_64-fedora-clang | 2.0.3 | 224.05 | OK | |||
r-devel-linux-x86_64-fedora-gcc | 2.0.3 | 225.83 | OK | |||
r-devel-windows-x86_64 | 2.0.3 | 70.00 | 115.00 | 185.00 | OK | |
r-patched-linux-x86_64 | 2.0.3 | 59.01 | 59.21 | 118.22 | OK | |
r-release-linux-x86_64 | 2.0.3 | 57.31 | 59.43 | 116.74 | OK | |
r-release-macos-arm64 | 2.0.3 | 65.00 | OK | |||
r-release-macos-x86_64 | 2.0.3 | 115.00 | OK | |||
r-release-windows-x86_64 | 2.0.3 | 64.00 | 115.00 | 179.00 | OK | |
r-oldrel-macos-arm64 | 2.0.3 | 58.00 | OK | |||
r-oldrel-macos-x86_64 | 2.0.3 | 93.00 | NOTE | |||
r-oldrel-windows-x86_64 | 2.0.3 | 77.00 | 130.00 | 207.00 | OK |
Version: 2.0.3
Check: installed package size
Result: NOTE
installed size is 5.1Mb
sub-directories of 1Mb or more:
libs 4.6Mb
Flavor: r-oldrel-macos-x86_64