Last updated on 2025-04-30 04:50:01 CEST.
Flavor | Version | Tinstall | Tcheck | Ttotal | Status | Flags |
---|---|---|---|---|---|---|
r-devel-linux-x86_64-debian-clang | 1.0.8 | 97.33 | 33.52 | 130.85 | NOTE | |
r-devel-linux-x86_64-debian-gcc | 1.0.8 | 63.34 | 25.24 | 88.58 | NOTE | |
r-devel-linux-x86_64-fedora-clang | 1.0.8 | 246.77 | OK | |||
r-devel-linux-x86_64-fedora-gcc | 1.0.8 | 230.96 | OK | |||
r-devel-windows-x86_64 | 1.0.8 | 100.00 | 88.00 | 188.00 | OK | |
r-patched-linux-x86_64 | 1.0.8 | 87.96 | 32.07 | 120.03 | OK | |
r-release-linux-x86_64 | 1.0.8 | 92.12 | 32.27 | 124.39 | OK | |
r-release-macos-arm64 | 1.0.8 | 52.00 | OK | |||
r-release-macos-x86_64 | 1.0.8 | 63.00 | OK | |||
r-release-windows-x86_64 | 1.0.8 | 100.00 | 85.00 | 185.00 | OK | |
r-oldrel-macos-arm64 | 1.0.8 | 50.00 | OK | |||
r-oldrel-macos-x86_64 | 1.0.8 | 60.00 | OK | |||
r-oldrel-windows-x86_64 | 1.0.8 | 117.00 | 93.00 | 210.00 | OK |
Version: 1.0.8
Check: CRAN incoming feasibility
Result: NOTE
Maintainer: ‘Laura D'Angelo <laura.dangelo@live.com>’
No Authors@R field in DESCRIPTION.
Please add one, modifying
Authors@R: person(given = "Laura",
family = "D'Angelo",
role = c("aut", "cre"),
email = "laura.dangelo@live.com")
as necessary.
Flavors: r-devel-linux-x86_64-debian-clang, r-devel-linux-x86_64-debian-gcc