Last updated on 2025-04-30 04:50:01 CEST.
Flavor | Version | Tinstall | Tcheck | Ttotal | Status | Flags |
---|---|---|---|---|---|---|
r-devel-linux-x86_64-debian-clang | 0.1.1 | 10.56 | 34.52 | 45.08 | NOTE | |
r-devel-linux-x86_64-debian-gcc | 0.1.1 | 7.72 | 23.06 | 30.78 | NOTE | |
r-devel-linux-x86_64-fedora-clang | 0.1.1 | 65.97 | OK | |||
r-devel-linux-x86_64-fedora-gcc | 0.1.1 | 64.62 | OK | |||
r-devel-windows-x86_64 | 0.1.1 | 13.00 | 71.00 | 84.00 | OK | |
r-patched-linux-x86_64 | 0.1.1 | 10.33 | 27.39 | 37.72 | OK | |
r-release-linux-x86_64 | 0.1.1 | 11.08 | 27.43 | 38.51 | OK | |
r-release-macos-arm64 | 0.1.1 | 24.00 | OK | |||
r-release-macos-x86_64 | 0.1.1 | 57.00 | OK | |||
r-release-windows-x86_64 | 0.1.1 | 14.00 | 72.00 | 86.00 | OK | |
r-oldrel-macos-arm64 | 0.1.1 | 28.00 | OK | |||
r-oldrel-macos-x86_64 | 0.1.1 | 37.00 | OK | |||
r-oldrel-windows-x86_64 | 0.1.1 | 12.00 | 73.00 | 85.00 | OK |
Version: 0.1.1
Check: CRAN incoming feasibility
Result: NOTE
Maintainer: ‘Ville Satopää <ville.satopaa@gmail.com>’
Package CITATION file contains call(s) to old-style personList() or
as.personList(). Please use c() on person objects instead.
Package CITATION file contains call(s) to old-style citEntry(). Please
use bibentry() instead.
Flavors: r-devel-linux-x86_64-debian-clang, r-devel-linux-x86_64-debian-gcc
Version: 0.1.1
Check: examples
Result: NOTE
Examples with CPU (user + system) or elapsed time > 5s
user system elapsed
sample_aggregator 9.592 0.102 11.415
Flavor: r-devel-linux-x86_64-debian-clang