Last updated on 2025-04-30 04:50:01 CEST.
Flavor | Version | Tinstall | Tcheck | Ttotal | Status | Flags |
---|---|---|---|---|---|---|
r-devel-linux-x86_64-debian-clang | 1.0.1 | 8.10 | 140.94 | 149.04 | NOTE | |
r-devel-linux-x86_64-debian-gcc | 1.0.1 | 5.53 | 94.26 | 99.79 | NOTE | |
r-devel-linux-x86_64-fedora-clang | 1.0.1 | 227.61 | OK | |||
r-devel-linux-x86_64-fedora-gcc | 1.0.1 | 229.09 | OK | |||
r-devel-windows-x86_64 | 1.0.1 | 11.00 | 152.00 | 163.00 | OK | |
r-patched-linux-x86_64 | 1.0.1 | 7.19 | 132.95 | 140.14 | OK | |
r-release-linux-x86_64 | 1.0.1 | 7.32 | 131.32 | 138.64 | OK | |
r-release-macos-arm64 | 1.0.1 | 71.00 | OK | |||
r-release-macos-x86_64 | 1.0.1 | 217.00 | OK | |||
r-release-windows-x86_64 | 1.0.1 | 12.00 | 146.00 | 158.00 | OK | |
r-oldrel-macos-arm64 | 1.0.1 | 66.00 | OK | |||
r-oldrel-macos-x86_64 | 1.0.1 | 119.00 | OK | |||
r-oldrel-windows-x86_64 | 1.0.1 | 13.00 | 189.00 | 202.00 | OK |
Version: 1.0.1
Check: examples
Result: NOTE
Examples with CPU (user + system) or elapsed time > 5s
user system elapsed
makeBraidReport 7.495 0.040 9.360
basicBraidAnalysis 6.513 0.073 7.755
Flavor: r-devel-linux-x86_64-debian-clang
Version: 1.0.1
Check: examples
Result: NOTE
Examples with CPU (user + system) or elapsed time > 5s
user system elapsed
makeBraidReport 4.677 0.035 6.036
Flavor: r-devel-linux-x86_64-debian-gcc