Last updated on 2025-04-30 04:50:01 CEST.
Flavor | Version | Tinstall | Tcheck | Ttotal | Status | Flags |
---|---|---|---|---|---|---|
r-devel-linux-x86_64-debian-clang | 1.0.3 | 12.92 | 165.78 | 178.70 | NOTE | |
r-devel-linux-x86_64-debian-gcc | 1.0.3 | 9.31 | 104.12 | 113.43 | OK | |
r-devel-linux-x86_64-fedora-clang | 1.0.3 | 301.68 | OK | |||
r-devel-linux-x86_64-fedora-gcc | 1.0.3 | 303.12 | OK | |||
r-devel-windows-x86_64 | 1.0.3 | 12.00 | 176.00 | 188.00 | OK | |
r-patched-linux-x86_64 | 1.0.3 | 12.81 | 158.37 | 171.18 | OK | |
r-release-linux-x86_64 | 1.0.3 | 12.30 | 158.32 | 170.62 | OK | |
r-release-macos-arm64 | 1.0.3 | 75.00 | OK | |||
r-release-macos-x86_64 | 1.0.3 | 278.00 | OK | |||
r-release-windows-x86_64 | 1.0.3 | 11.00 | 172.00 | 183.00 | OK | |
r-oldrel-macos-arm64 | 1.0.3 | 80.00 | OK | |||
r-oldrel-macos-x86_64 | 1.0.3 | 218.00 | OK | |||
r-oldrel-windows-x86_64 | 1.0.3 | 13.00 | 224.00 | 237.00 | OK |
Version: 1.0.3
Check: examples
Result: NOTE
Examples with CPU (user + system) or elapsed time > 5s
user system elapsed
calcBraidConfInt 5.722 0.008 6.587
calcBraidBootstrap 5.544 0.000 6.040
braidrm 5.424 0.019 6.214
Flavor: r-devel-linux-x86_64-debian-clang