Last updated on 2025-04-30 04:50:01 CEST.
Flavor | Version | Tinstall | Tcheck | Ttotal | Status | Flags |
---|---|---|---|---|---|---|
r-devel-linux-x86_64-debian-clang | 3.2.2 | 17.11 | 68.54 | 85.65 | NOTE | |
r-devel-linux-x86_64-debian-gcc | 3.2.2 | 11.88 | 48.58 | 60.46 | OK | |
r-devel-linux-x86_64-fedora-clang | 3.2.2 | 141.77 | OK | |||
r-devel-linux-x86_64-fedora-gcc | 3.2.2 | 129.12 | OK | |||
r-devel-windows-x86_64 | 3.2.2 | 20.00 | 96.00 | 116.00 | OK | |
r-patched-linux-x86_64 | 3.2.2 | 16.67 | 65.65 | 82.32 | OK | |
r-release-linux-x86_64 | 3.2.2 | 16.64 | 65.19 | 81.83 | OK | |
r-release-macos-arm64 | 3.2.2 | 42.00 | OK | |||
r-release-macos-x86_64 | 3.2.2 | 69.00 | OK | |||
r-release-windows-x86_64 | 3.2.2 | 20.00 | 91.00 | 111.00 | OK | |
r-oldrel-macos-arm64 | 3.2.2 | 40.00 | OK | |||
r-oldrel-macos-x86_64 | 3.2.2 | 91.00 | OK | |||
r-oldrel-windows-x86_64 | 3.2.2 | 23.00 | 109.00 | 132.00 | OK |
Version: 3.2.2
Check: examples
Result: NOTE
Examples with CPU (user + system) or elapsed time > 5s
user system elapsed
predict.sven 6.892 0.301 9.075
Flavor: r-devel-linux-x86_64-debian-clang