Last updated on 2025-02-21 03:52:08 CET.
Flavor | Version | Tinstall | Tcheck | Ttotal | Status | Flags |
---|---|---|---|---|---|---|
r-devel-linux-x86_64-debian-clang | 0.3.1 | 2.92 | 48.38 | 51.30 | OK | |
r-devel-linux-x86_64-debian-gcc | 0.3.1 | 2.23 | 32.01 | 34.24 | OK | |
r-devel-linux-x86_64-fedora-clang | 0.3.1 | 85.80 | OK | |||
r-devel-linux-x86_64-fedora-gcc | 0.3.1 | 94.59 | OK | |||
r-devel-macos-arm64 | 0.3.1 | 30.00 | OK | |||
r-devel-macos-x86_64 | 0.3.1 | 87.00 | OK | |||
r-devel-windows-x86_64 | 0.3.1 | 4.00 | 62.00 | 66.00 | OK | |
r-patched-linux-x86_64 | 0.3.1 | 2.67 | 43.93 | 46.60 | OK | |
r-release-linux-x86_64 | 0.3.1 | 2.23 | 44.15 | 46.38 | OK | |
r-release-macos-arm64 | 0.3.1 | 33.00 | OK | |||
r-release-macos-x86_64 | 0.3.1 | 119.00 | OK | |||
r-release-windows-x86_64 | 0.3.1 | 4.00 | 63.00 | 67.00 | OK | |
r-oldrel-macos-arm64 | 0.3.1 | 55.00 | OK | |||
r-oldrel-macos-x86_64 | 0.3.1 | 318.00 | OK | |||
r-oldrel-windows-x86_64 | 0.3.1 | 3.00 | 52.00 | 55.00 | ERROR |
Version: 0.3.1
Check: re-building of vignette outputs
Result: ERROR
Error(s) in re-building vignettes:
--- re-building 'brea.Rmd' using rmarkdown
Quitting from lines 303-305 [unnamed-chunk-18] (brea.Rmd)
Error: processing vignette 'brea.Rmd' failed with diagnostics:
package 'MASS' must be installed
--- failed re-building 'brea.Rmd'
SUMMARY: processing the following file failed:
'brea.Rmd'
Error: Vignette re-building failed.
Execution halted
Flavor: r-oldrel-windows-x86_64