Last updated on 2025-04-30 04:50:01 CEST.
Flavor | Version | Tinstall | Tcheck | Ttotal | Status | Flags |
---|---|---|---|---|---|---|
r-devel-linux-x86_64-debian-clang | 2.5 | 23.16 | 91.28 | 114.44 | NOTE | |
r-devel-linux-x86_64-debian-gcc | 2.5 | 16.39 | 61.25 | 77.64 | OK | |
r-devel-linux-x86_64-fedora-clang | 2.5 | 186.17 | OK | |||
r-devel-linux-x86_64-fedora-gcc | 2.5 | 187.76 | OK | |||
r-devel-windows-x86_64 | 2.5 | 31.00 | 120.00 | 151.00 | OK | |
r-patched-linux-x86_64 | 2.5 | 22.29 | 87.49 | 109.78 | OK | |
r-release-linux-x86_64 | 2.5 | 22.81 | 86.57 | 109.38 | OK | |
r-release-macos-arm64 | 2.5 | 55.00 | OK | |||
r-release-macos-x86_64 | 2.5 | 92.00 | OK | |||
r-release-windows-x86_64 | 2.5 | 29.00 | 116.00 | 145.00 | OK | |
r-oldrel-macos-arm64 | 2.5 | 54.00 | OK | |||
r-oldrel-macos-x86_64 | 2.5 | 98.00 | OK | |||
r-oldrel-windows-x86_64 | 2.5 | 33.00 | 149.00 | 182.00 | OK |
Version: 2.5
Check: examples
Result: NOTE
Examples with CPU (user + system) or elapsed time > 5s
user system elapsed
plot.breakfast.cpts 6.193 0.067 7.497
print.breakfast.cpts 3.906 0.031 5.198
Flavor: r-devel-linux-x86_64-debian-clang