Last updated on 2025-04-30 04:50:01 CEST.
Flavor | Version | Tinstall | Tcheck | Ttotal | Status | Flags |
---|---|---|---|---|---|---|
r-devel-linux-x86_64-debian-clang | 0.8.9 | 13.75 | 182.73 | 196.48 | NOTE | |
r-devel-linux-x86_64-debian-gcc | 0.8.9 | 8.42 | 129.54 | 137.96 | NOTE | |
r-devel-linux-x86_64-fedora-clang | 0.8.9 | 299.98 | NOTE | |||
r-devel-linux-x86_64-fedora-gcc | 0.8.9 | 299.30 | NOTE | |||
r-devel-windows-x86_64 | 0.8.9 | 13.00 | 163.00 | 176.00 | NOTE | |
r-patched-linux-x86_64 | 0.8.9 | 13.42 | 177.15 | 190.57 | NOTE | |
r-release-linux-x86_64 | 0.8.9 | 11.89 | 174.28 | 186.17 | NOTE | |
r-release-macos-arm64 | 0.8.9 | 90.00 | NOTE | |||
r-release-macos-x86_64 | 0.8.9 | 204.00 | NOTE | |||
r-release-windows-x86_64 | 0.8.9 | 16.00 | 164.00 | 180.00 | NOTE | |
r-oldrel-macos-arm64 | 0.8.9 | 88.00 | OK | |||
r-oldrel-macos-x86_64 | 0.8.9 | 160.00 | OK | |||
r-oldrel-windows-x86_64 | 0.8.9 | 18.00 | 212.00 | 230.00 | OK |
Version: 0.8.9
Check: DESCRIPTION meta-information
Result: NOTE
Missing dependency on R >= 4.1.0 because package code uses the pipe
|> or function shorthand \(...) syntax added in R 4.1.0.
File(s) using such syntax:
‘read_any_breathtest.R’
Flavors: r-devel-linux-x86_64-debian-clang, r-devel-linux-x86_64-debian-gcc, r-devel-linux-x86_64-fedora-clang, r-devel-linux-x86_64-fedora-gcc, r-devel-windows-x86_64, r-patched-linux-x86_64, r-release-linux-x86_64, r-release-macos-arm64, r-release-macos-x86_64, r-release-windows-x86_64