Last updated on 2025-04-30 04:50:01 CEST.
Flavor | Version | Tinstall | Tcheck | Ttotal | Status | Flags |
---|---|---|---|---|---|---|
r-devel-linux-x86_64-debian-clang | 0.8.9 | 132.06 | 156.15 | 288.21 | NOTE | |
r-devel-linux-x86_64-debian-gcc | 0.8.9 | 120.52 | 121.65 | 242.17 | NOTE | |
r-devel-linux-x86_64-fedora-clang | 0.8.9 | 464.67 | OK | |||
r-devel-linux-x86_64-fedora-gcc | 0.8.9 | 546.77 | OK | |||
r-devel-windows-x86_64 | 0.8.9 | 148.00 | 170.00 | 318.00 | OK | |
r-patched-linux-x86_64 | 0.8.9 | 147.56 | 164.73 | 312.29 | OK | |
r-release-linux-x86_64 | 0.8.9 | 160.61 | 164.73 | 325.34 | OK | |
r-release-macos-arm64 | 0.8.9 | 113.00 | OK | |||
r-release-macos-x86_64 | 0.8.9 | 277.00 | OK | |||
r-release-windows-x86_64 | 0.8.9 | 146.00 | 174.00 | 320.00 | OK | |
r-oldrel-macos-arm64 | 0.8.9 | 119.00 | NOTE | |||
r-oldrel-macos-x86_64 | 0.8.9 | 162.00 | NOTE | |||
r-oldrel-windows-x86_64 | 0.8.9 | 161.00 | 221.00 | 382.00 | OK |
Version: 0.8.9
Check: examples
Result: NOTE
Examples with CPU (user + system) or elapsed time > 5s
user system elapsed
stan_fit 5.147 0.301 6.927
Flavor: r-devel-linux-x86_64-debian-clang
Version: 0.8.9
Check: examples
Result: NOTE
Examples with CPU (user + system) or elapsed time > 5s
user system elapsed
stan_fit 3.714 0.219 5.248
Flavor: r-devel-linux-x86_64-debian-gcc
Version: 0.8.9
Check: installed package size
Result: NOTE
installed size is 45.3Mb
sub-directories of 1Mb or more:
libs 45.0Mb
Flavors: r-oldrel-macos-arm64, r-oldrel-macos-x86_64
Version: 0.8.9
Check: for GNU extensions in Makefiles
Result: NOTE
GNU make is a SystemRequirements.
Flavors: r-oldrel-macos-arm64, r-oldrel-macos-x86_64