Last updated on 2025-04-30 04:50:01 CEST.
Flavor | Version | Tinstall | Tcheck | Ttotal | Status | Flags |
---|---|---|---|---|---|---|
r-devel-linux-x86_64-debian-clang | 0.7.2 | 2.97 | 26.82 | 29.79 | NOTE | |
r-devel-linux-x86_64-debian-gcc | 0.7.2 | 2.68 | 20.76 | 23.44 | NOTE | |
r-devel-linux-x86_64-fedora-clang | 0.7.2 | 47.09 | NOTE | |||
r-devel-linux-x86_64-fedora-gcc | 0.7.2 | 44.31 | NOTE | |||
r-devel-windows-x86_64 | 0.7.2 | 7.00 | 61.00 | 68.00 | NOTE | |
r-patched-linux-x86_64 | 0.7.2 | 3.96 | 26.32 | 30.28 | NOTE | |
r-release-linux-x86_64 | 0.7.2 | 2.70 | 25.83 | 28.53 | NOTE | |
r-release-macos-arm64 | 0.7.2 | 22.00 | NOTE | |||
r-release-macos-x86_64 | 0.7.2 | 47.00 | NOTE | |||
r-release-windows-x86_64 | 0.7.2 | 7.00 | 58.00 | 65.00 | NOTE | |
r-oldrel-macos-arm64 | 0.7.2 | 20.00 | NOTE | |||
r-oldrel-macos-x86_64 | 0.7.2 | 32.00 | NOTE | |||
r-oldrel-windows-x86_64 | 0.7.2 | 7.00 | 60.00 | 67.00 | NOTE |
Version: 0.7.2
Check: Rd files
Result: NOTE
checkRd: (-1) brglm.Rd:173: Lost braces in \itemize; meant \describe ?
checkRd: (-1) brglm.Rd:174: Lost braces in \itemize; meant \describe ?
checkRd: (-1) brglm.Rd:175-176: Lost braces in \itemize; meant \describe ?
checkRd: (-1) brglm.Rd:177-178: Lost braces in \itemize; meant \describe ?
checkRd: (-1) brglm.Rd:179-180: Lost braces in \itemize; meant \describe ?
checkRd: (-1) brglm.Rd:181-182: Lost braces in \itemize; meant \describe ?
checkRd: (-1) brglm.Rd:183-184: Lost braces in \itemize; meant \describe ?
checkRd: (-1) profile.brglm.Rd:54-55: Lost braces in \itemize; meant \describe ?
checkRd: (-1) profile.brglm.Rd:56: Lost braces in \itemize; meant \describe ?
checkRd: (-1) profile.brglm.Rd:57: Lost braces in \itemize; meant \describe ?
checkRd: (-1) profile.brglm.Rd:58: Lost braces in \itemize; meant \describe ?
Flavors: r-devel-linux-x86_64-debian-clang, r-devel-linux-x86_64-debian-gcc, r-devel-linux-x86_64-fedora-clang, r-devel-linux-x86_64-fedora-gcc, r-devel-windows-x86_64, r-patched-linux-x86_64, r-release-linux-x86_64, r-release-macos-arm64, r-release-macos-x86_64, r-release-windows-x86_64, r-oldrel-macos-arm64, r-oldrel-macos-x86_64, r-oldrel-windows-x86_64