Last updated on 2025-04-30 04:50:01 CEST.
Flavor | Version | Tinstall | Tcheck | Ttotal | Status | Flags |
---|---|---|---|---|---|---|
r-devel-linux-x86_64-debian-clang | 0.9.2 | 12.57 | 104.29 | 116.86 | NOTE | |
r-devel-linux-x86_64-debian-gcc | 0.9.2 | 6.48 | 77.37 | 83.85 | NOTE | |
r-devel-linux-x86_64-fedora-clang | 0.9.2 | 191.59 | OK | |||
r-devel-linux-x86_64-fedora-gcc | 0.9.2 | 197.66 | OK | |||
r-devel-windows-x86_64 | 0.9.2 | 15.00 | 125.00 | 140.00 | NOTE | |
r-patched-linux-x86_64 | 0.9.2 | 11.62 | 102.73 | 114.35 | NOTE | |
r-release-linux-x86_64 | 0.9.2 | 11.60 | 103.05 | 114.65 | NOTE | |
r-release-macos-arm64 | 0.9.2 | 72.00 | OK | |||
r-release-macos-x86_64 | 0.9.2 | 134.00 | OK | |||
r-release-windows-x86_64 | 0.9.2 | 14.00 | 122.00 | 136.00 | NOTE | |
r-oldrel-macos-arm64 | 0.9.2 | 64.00 | OK | |||
r-oldrel-macos-x86_64 | 0.9.2 | 96.00 | OK | |||
r-oldrel-windows-x86_64 | 0.9.2 | 17.00 | 153.00 | 170.00 | OK |
Version: 0.9.2
Check: Rd cross-references
Result: NOTE
Found the following Rd file(s) with Rd \link{} targets missing package
anchors:
brnb.Rd: negbin
Please provide package anchors for all Rd \link{} targets not in the
package itself and the base packages.
Flavors: r-devel-linux-x86_64-debian-clang, r-devel-linux-x86_64-debian-gcc, r-devel-windows-x86_64, r-patched-linux-x86_64, r-release-linux-x86_64, r-release-windows-x86_64