CRAN Package Check Results for Package briKmeans

Last updated on 2025-04-30 04:50:01 CEST.

Flavor Version Tinstall Tcheck Ttotal Status Flags
r-devel-linux-x86_64-debian-clang 1.0 6.11 41.40 47.51 NOTE
r-devel-linux-x86_64-debian-gcc 1.0 3.98 29.30 33.28 NOTE
r-devel-linux-x86_64-fedora-clang 1.0 77.17 OK
r-devel-linux-x86_64-fedora-gcc 1.0 70.85 OK
r-devel-windows-x86_64 1.0 6.00 60.00 66.00 OK
r-patched-linux-x86_64 1.0 6.23 40.18 46.41 OK
r-release-linux-x86_64 1.0 4.61 39.65 44.26 OK
r-release-macos-arm64 1.0 25.00 OK
r-release-macos-x86_64 1.0 58.00 OK
r-release-windows-x86_64 1.0 6.00 58.00 64.00 OK
r-oldrel-macos-arm64 1.0 23.00 OK
r-oldrel-macos-x86_64 1.0 35.00 OK
r-oldrel-windows-x86_64 1.0 8.00 69.00 77.00 OK

Check Details

Version: 1.0
Check: CRAN incoming feasibility
Result: NOTE Maintainer: ‘Aurora Torrente <etorrent@est-econ.uc3m.es>’ No Authors@R field in DESCRIPTION. Please add one, modifying Authors@R: c(person(given = c("Javier", "Albert"), family = "Smet", role = "aut", email = "javas@kth.se"), person(given = c("Aurora", "Torrente.", "Alice"), family = "Parodi", role = "aut", email = "etorrent@est-econ.uc3m.es"), person(given = "Mirco", family = "Patriarca", role = "aut"), person(given = "Laura", family = "Sangalli", role = "aut"), person(given = "Piercesare", family = "Secchi", role = "aut"), person(given = "Simone", family = "Vantini", role = "aut"), person(given = "Valeria", family = "Vitelli", role = "aut"), person(given = "as", family = "contributors.", role = "aut"), person(given = "Aurora", family = "Torrente", role = "cre", email = "etorrent@est-econ.uc3m.es")) as necessary. Flavors: r-devel-linux-x86_64-debian-clang, r-devel-linux-x86_64-debian-gcc