Last updated on 2025-02-21 03:52:08 CET.
Flavor | Version | Tinstall | Tcheck | Ttotal | Status | Flags |
---|---|---|---|---|---|---|
r-devel-linux-x86_64-debian-clang | 2.22.0 | 58.57 | 491.65 | 550.22 | OK | |
r-devel-linux-x86_64-debian-gcc | 2.22.0 | 39.54 | 322.90 | 362.44 | OK | |
r-devel-linux-x86_64-fedora-clang | 2.22.0 | 872.72 | OK | |||
r-devel-linux-x86_64-fedora-gcc | 2.22.0 | 846.89 | OK | |||
r-devel-macos-arm64 | 2.22.0 | 238.00 | OK | |||
r-devel-macos-x86_64 | 2.22.0 | 792.00 | OK | |||
r-devel-windows-x86_64 | 2.22.0 | 50.00 | 207.00 | 257.00 | OK | --no-examples --no-tests --no-vignettes |
r-patched-linux-x86_64 | 2.22.0 | 56.23 | 459.90 | 516.13 | NOTE | |
r-release-linux-x86_64 | 2.22.0 | 56.89 | 455.90 | 512.79 | NOTE | |
r-release-macos-arm64 | 2.22.0 | 207.00 | NOTE | |||
r-release-macos-x86_64 | 2.22.0 | 471.00 | NOTE | |||
r-release-windows-x86_64 | 2.22.0 | 49.00 | 206.00 | 255.00 | NOTE | --no-examples --no-tests --no-vignettes |
r-oldrel-macos-arm64 | 2.22.0 | 228.00 | NOTE | |||
r-oldrel-macos-x86_64 | 2.22.0 | 453.00 | NOTE | |||
r-oldrel-windows-x86_64 | 2.22.0 | 70.00 | 246.00 | 316.00 | NOTE | --no-examples --no-tests --no-vignettes |
Version: 2.22.0
Check: package dependencies
Result: NOTE
Package suggested but not available for checking: ‘cmdstanr’
Flavors: r-patched-linux-x86_64, r-release-linux-x86_64, r-release-macos-arm64, r-release-macos-x86_64, r-oldrel-macos-arm64, r-oldrel-macos-x86_64
Version: 2.22.0
Check: installed package size
Result: NOTE
installed size is 9.0Mb
sub-directories of 1Mb or more:
R 4.0Mb
doc 3.6Mb
Flavors: r-release-macos-arm64, r-release-macos-x86_64, r-oldrel-macos-arm64, r-oldrel-macos-x86_64
Version: 2.22.0
Flags: --no-examples --no-tests --no-vignettes
Check: package dependencies
Result: NOTE
Package suggested but not available for checking: 'cmdstanr'
Flavors: r-release-windows-x86_64, r-oldrel-windows-x86_64
Version: 2.22.0
Flags: --no-examples --no-tests --no-vignettes
Check: installed package size
Result: NOTE
installed size is 8.8Mb
sub-directories of 1Mb or more:
R 3.8Mb
doc 3.6Mb
Flavors: r-release-windows-x86_64, r-oldrel-windows-x86_64