Last updated on 2025-04-30 04:50:01 CEST.
Flavor | Version | Tinstall | Tcheck | Ttotal | Status | Flags |
---|---|---|---|---|---|---|
r-devel-linux-x86_64-debian-clang | 1.0.1 | 9.64 | 273.78 | 283.42 | NOTE | |
r-devel-linux-x86_64-debian-gcc | 1.0.1 | 6.64 | 181.20 | 187.84 | OK | |
r-devel-linux-x86_64-fedora-clang | 1.0.1 | 456.83 | OK | |||
r-devel-linux-x86_64-fedora-gcc | 1.0.1 | 449.96 | OK | |||
r-devel-windows-x86_64 | 1.0.1 | 11.00 | 238.00 | 249.00 | OK | |
r-patched-linux-x86_64 | 1.0.1 | 9.89 | 258.09 | 267.98 | OK | |
r-release-linux-x86_64 | 1.0.1 | 8.34 | 257.70 | 266.04 | OK | |
r-release-macos-arm64 | 1.0.1 | 129.00 | OK | |||
r-release-macos-x86_64 | 1.0.1 | 315.00 | OK | |||
r-release-windows-x86_64 | 1.0.1 | 12.00 | 243.00 | 255.00 | OK | |
r-oldrel-macos-arm64 | 1.0.1 | 119.00 | OK | |||
r-oldrel-macos-x86_64 | 1.0.1 | 219.00 | OK | |||
r-oldrel-windows-x86_64 | 1.0.1 | 15.00 | 334.00 | 349.00 | OK |
Version: 1.0.1
Check: examples
Result: NOTE
Examples with CPU (user + system) or elapsed time > 5s
user system elapsed
stratify_keys 4.418 0.047 5.72
Flavor: r-devel-linux-x86_64-debian-clang