Last updated on 2025-04-30 04:50:01 CEST.
Flavor | Version | Tinstall | Tcheck | Ttotal | Status | Flags |
---|---|---|---|---|---|---|
r-devel-linux-x86_64-debian-clang | 1.0.8 | 13.12 | 306.57 | 319.69 | NOTE | |
r-devel-linux-x86_64-debian-gcc | 1.0.8 | 8.95 | 200.55 | 209.50 | OK | |
r-devel-linux-x86_64-fedora-clang | 1.0.8 | 529.67 | OK | |||
r-devel-linux-x86_64-fedora-gcc | 1.0.8 | 527.22 | OK | |||
r-devel-windows-x86_64 | 1.0.8 | 18.00 | 439.00 | 457.00 | OK | |
r-patched-linux-x86_64 | 1.0.8 | 24.05 | 286.98 | 311.03 | OK | |
r-release-linux-x86_64 | 1.0.8 | 12.65 | 285.79 | 298.44 | OK | |
r-release-macos-arm64 | 1.0.8 | 142.00 | OK | |||
r-release-macos-x86_64 | 1.0.8 | 313.00 | OK | |||
r-release-windows-x86_64 | 1.0.8 | 19.00 | 433.00 | 452.00 | OK | |
r-oldrel-macos-arm64 | 1.0.8 | 137.00 | OK | |||
r-oldrel-macos-x86_64 | 1.0.8 | 265.00 | OK | |||
r-oldrel-windows-x86_64 | 1.0.8 | 21.00 | 571.00 | 592.00 | OK |
Version: 1.0.8
Check: examples
Result: NOTE
Examples with CPU (user + system) or elapsed time > 5s
user system elapsed
tidy.poLCA 4.535 0.008 5.775
glance.poLCA 3.772 0.054 5.251
Flavor: r-devel-linux-x86_64-debian-clang